{"id":1004,"date":"2019-05-07T13:33:30","date_gmt":"2019-05-07T13:33:30","guid":{"rendered":"http:\/\/oknarener.22media.sk\/produkty\/parapety\/"},"modified":"2019-05-31T12:57:57","modified_gmt":"2019-05-31T12:57:57","slug":"ablakparkanyok","status":"publish","type":"product","link":"https:\/\/oknarener.sk\/hu\/produkty\/ablakparkanyok\/","title":{"rendered":"Ablakp\u00e1rk\u00e1nyok"},"content":{"rendered":"\n<h3 class=\"wp-block-heading\">A-oszt\u00e1ly\u00fa bels\u0151 ablakp\u00e1rk\u00e1nyok<\/h3>\n\n\n\n<div class=\"wp-block-columns has-2-columns is-layout-flex wp-container-3\">\n<div class=\"wp-block-column is-layout-flow\">\n<figure class=\"wp-block-image alignwide\"><img decoding=\"async\" loading=\"lazy\" width=\"245\" height=\"412\" src=\"\/m22_content\/uploads\/2019\/05\/parapeta_A2.jpg\" alt=\"\" class=\"wp-image-587\" srcset=\"https:\/\/oknarener.sk\/m22_content\/uploads\/2019\/05\/parapeta_A2.jpg 245w, https:\/\/oknarener.sk\/m22_content\/uploads\/2019\/05\/parapeta_A2-178x300.jpg 178w\" sizes=\"(max-width: 245px) 100vw, 245px\" \/><\/figure>\n<\/div>\n\n\n\n<div class=\"wp-block-column is-layout-flow\">\n<p>A\nWerzalit ablakp\u00e1rk\u00e1nyok a tulajdons\u00e1gaiknak \u00e9s az el\u0151ny\u00f6s \u00e1rnak k\u00f6sz\u00f6nhet\u0151en\negyar\u00e1n ide\u00e1lis megold\u00e1s jelentenek az \u00faj \u00e9p\u00fcleteken, de a fel\u00faj\u00edt\u00e1sok sor\u00e1n\nis.\n\nA deszka magja term\u00e9szetesen viaszozott f\u00e1b\u00f3l\nk\u00e9sz\u00fcl, amely szabadalmaztatott nagynyom\u00e1s\u00fa m\u00f3dszerrel min\u0151s\u00e9gi gyant\u00e1kkal van\nrobusztus f\u00e1v\u00e1 sajtolva. A deszk\u00e1k h\u00e9zagok n\u00e9lk\u00fcliek, egy darabb\u00f3l form\u00e1ba sajtolva.\nEz\u00e1ltal nagy s\u0171r\u0171s\u00e9get \u00e9s nyom\u00f3szil\u00e1rds\u00e1got kapnak. A mag \u00e9s a r\u00e9tegek\nelv\u00e1laszthatatlanul vannak \u00f6sszekapcsolva. Az ablakp\u00e1rk\u00e1nyok 10-t\u0151l 60 cm-es\nsz\u00e9less\u00e9gben \u00e9s eg\u00e9szen 5,5 m\u00e9ter hossz\u00fas\u00e1gban el\u00e9rhet\u0151k.\n\n\n\n<\/p>\n\n\n\n<p>A fa vagy m\u00e1rv\u00e1ny d\u00edsz\u00edt\u00e9s nemes fel\u00fcletet k\u00f6lcs\u00f6n\u00f6z, \u00e9s\nlehet\u0151v\u00e9 teszi b\u00e1rmely bels\u0151 t\u00e9r st\u00edlus\u00e1nak \u00e9s jelleg\u00e9nek hangs\u00falyoz\u00e1s\u00e1t. Az\nablakp\u00e1rk\u00e1ny oldalai m\u0171anyag v\u00e9gz\u0151d\u00e9sekkel vagy lamin\u00e1l\u00e1ssal vannak v\u00e9dve. Az\nablakp\u00e1rk\u00e1nyok <strong>rendk\u00edv\u00fcl ellen\u00e1llnak <\/strong>a\nmechanikus s\u00e9r\u00fcl\u00e9seknek, a magas h\u0151m\u00e9rs\u00e9kletnek, a nedvess\u00e9gnek \u00e9s a\nh\u00e1ztart\u00e1sban haszn\u00e1lt minden savnak \u00e9s l\u00fagnak.<\/p>\n\n\n\n<p>A tesztek bizony\u00edtott\u00e1k a fel\u00fclet ellen\u00e1ll\u00e1s\u00e1t, amikor\nforr\u00f3 t\u00e1rgyakkal \u00e9rintkezik (pl. forr\u00f3 ed\u00e9ny), an\u00e9lk\u00fcl, hogy l\u00e1that\u00f3 nyomokat\nmutatn\u00e1nak a fel\u00fcleten, valamint a forr\u00f3 cigarett\u00e1val val\u00f3 k\u00f6zvetlen \u00e9rintkez\u00e9s\nellen is. A koromnyomok tiszt\u00edt\u00f3szerrel k\u00f6nnyen elt\u00e1vol\u00edthat\u00f3k. Hasonl\u00f3k\u00e9ppen\nelt\u00e1vol\u00edthat\u00f3k az \u00edr\u00f3eszk\u00f6z\u00f6k v\u00e9letlen szennyez\u00e9s\u00e9nek jelei is.<\/p>\n<\/div>\n<\/div>\n\n\n\n<h3 class=\"wp-block-heading\"><br> B-oszt\u00e1ly\u00fa bels\u0151 ablakp\u00e1rk\u00e1nyok<\/h3>\n\n\n\n<div class=\"wp-block-columns has-2-columns is-layout-flex wp-container-6\">\n<div class=\"wp-block-column is-layout-flow\">\n<p>Az\nablakp\u00e1rk\u00e1nyok k\u00e9t darab pr\u00e9selt forg\u00e1cslapb\u00f3l vannak gy\u00e1rtva \u2013 deszk\u00e1b\u00f3l \u00e9s az\nablakp\u00e1rk\u00e1ny eleje \u2013 enyh\u00e9n lekerek\u00edtett \u00e9lekkel. A deszk\u00e1k csatlakoz\u00e1sai egy\nv\u00e9kony lamin\u00e1lt fel\u00fclet takarja, amely r\u00f6vidt\u00e1von v\u00edz\u00e1ll\u00f3.<\/p>\n\n\n\n<p>Legink\u00e1bb lak\u00e1sokba,\nf\u0171t\u00f6tt \u00e9s sz\u00e1raz helyis\u00e9gekbe alkalmas. A nedvess\u00e9g hat\u00e1s\u00e1ra az\nablakp\u00e1rk\u00e1ny anyagi szerkezete sz\u00e9tesik, ez\u00e9rt nedves helyis\u00e9gekbe nem alkalmas\n\u2013 f\u00fcrd\u0151szoba \u00e9s hasonl\u00f3 helyek. A cigaretta nyoma vagy m\u00e1s mechanikus\nszennyez\u00e9s nyoma tiszt\u00edt\u00f3szerekkel elt\u00e1vol\u00edthat\u00f3.<\/p>\n<\/div>\n\n\n\n<div class=\"wp-block-column is-layout-flow\">\n<figure class=\"wp-block-image alignwide\"><img decoding=\"async\" loading=\"lazy\" width=\"245\" height=\"197\" src=\"\/m22_content\/uploads\/2019\/05\/parapeta-B1.jpg\" alt=\"\" class=\"wp-image-592\"\/><\/figure>\n<\/div>\n<\/div>\n\n\n\n<h3 class=\"wp-block-heading\"> <br> C-oszt\u00e1ly\u00fa bels\u0151 ablakp\u00e1rk\u00e1nyok<\/h3>\n\n\n\n<div class=\"wp-block-columns has-2-columns is-layout-flex wp-container-9\">\n<div class=\"wp-block-column is-layout-flow\">\n<figure class=\"wp-block-image alignwide\"><img decoding=\"async\" loading=\"lazy\" width=\"245\" height=\"210\" src=\"\/m22_content\/uploads\/2019\/05\/parapeta-C3.jpg\" alt=\"\" class=\"wp-image-601\"\/><\/figure>\n<\/div>\n\n\n\n<div class=\"wp-block-column is-layout-flow\">\n<p>Olcs\u00f3,\nalacsony t\u00f6meg\u0171 <strong>cell\u00e1s m\u0171anyag\nablakp\u00e1rk\u00e1ny, <\/strong>\u00e1m a cell\u00e1s szerkezet fel\u00fclet\u00e9n vizu\u00e1lisan finom elhajl\u00e1sok\njelennek meg.\n\nH\u00e1tr\u00e1nya a visszaford\u00edthatatlan deform\u00e1ci\u00f3\nkock\u00e1zata a k\u00fcl\u00f6nb\u00f6z\u0151 h\u0151hat\u00e1sok miatt, pl. t\u00e9len (a f\u0171t\u0151testb\u0151l a l\u00e9g\u00e1ram \u00e1ltal\nfelmeleg\u00edtett ablakp\u00e1rk\u00e1ny hirtelen a szell\u0151ztet\u00e9s k\u00f6zben leh\u0171l), ez\u00e9rt nem\nc\u00e9lszer\u0171 \u0151ket a f\u0171t\u0151test k\u00f6zel\u00e9ben elhelyezni. A fel\u00fcleti r\u00e9teg \u00e9rz\u00e9keny az \u00e9les vagy a forr\u00f3 t\u00e1rgyak\n\u00e1ltali k\u00e1rosod\u00e1sra. Forr\u00f3 ed\u00e9nnyel vagy \u00e9g\u0151 cigarett\u00e1val val\u00f3 \u00e9rintkez\u00e9skor a\nfel\u00fcleti r\u00e9teg megolvad \u00e9s az ablakp\u00e1rk\u00e1nyon <em>elt\u00e1vol\u00edthatatlan<\/em> nyomot hagy.\n\n\n\n<\/p>\n<\/div>\n<\/div>\n\n\n\n<h3 class=\"wp-block-heading\"><br>A-oszt\u00e1ly\u00fa k\u00fcls\u0151 ablakp\u00e1rk\u00e1nyok<\/h3>\n\n\n\n<div class=\"wp-block-columns has-2-columns is-layout-flex wp-container-12\">\n<div class=\"wp-block-column is-layout-flow\">\n<p>Ezek\n<strong>h\u00fazott<\/strong>, 1,5 &#8211; 3 mm vastag AL\nprofilokb\u00f3l k\u00e9sz\u00fclnek (az ablakp\u00e1rk\u00e1ny sz\u00e9less\u00e9g\u00e9t\u0151l f\u00fcgg\u0151en), \u00edgy megtartva az\nalak stabilit\u00e1s\u00e1t \u00e9s elker\u00fclve a hossztengelyi csavarod\u00e1s\u00e1t. Hossz\u00fa t\u00e1v\u00fa\ntart\u00f3ss\u00e1g, id\u0151j\u00e1r\u00e1s\u00e1ll\u00f3s\u00e1g \u00e9s alacsony h\u0151t\u00e1gul\u00e1s jellemzi \u2013 a p\u00e1rk\u00e1ny hossza\nak\u00e1r 6 m\u00e9ter is lehet, forraszt\u00e1s sz\u00fcks\u00e9gess\u00e9ge n\u00e9lk\u00fcl.<\/p>\n\n\n\n<p>A v\u00e9geken alum\u00ednium v\u00e9gz\u0151d\u00e9sek vannak, s\u00fcllyesztve az oldals\u00f3\nvakolatba. Az ablakp\u00e1rk\u00e1ny orr\u00e1nak\/eresz\u00e9nek magass\u00e1ga 25 mm. Az ablakp\u00e1rk\u00e1nyok\nterm\u00e9szetes alum\u00ednium, elox\u00e1lt k\u00f6z\u00e9pbronz \u00e9s a RAL sz\u00ednsk\u00e1la minden sz\u00edn\u00e9ben\nkaphat\u00f3k. Jellemz\u0151iknek k\u00f6sz\u00f6nhet\u0151en az Eur\u00f3pai Uni\u00f3 leghaszn\u00e1ltabb\nablakp\u00e1rk\u00e1nyai.<\/p>\n<\/div>\n\n\n\n<div class=\"wp-block-column is-layout-flow\">\n<figure class=\"wp-block-image alignwide\"><img decoding=\"async\" loading=\"lazy\" width=\"245\" height=\"203\" src=\"\/m22_content\/uploads\/2019\/05\/parapeta-A-vonkajsia1.jpg\" alt=\"\" class=\"wp-image-595\"\/><\/figure>\n<\/div>\n<\/div>\n\n\n\n<h3 class=\"wp-block-heading\"><br>B- oszt\u00e1ly\u00fa k\u00fcls\u0151 ablakp\u00e1rk\u00e1nyok<\/h3>\n\n\n\n<div class=\"wp-block-columns has-2-columns is-layout-flex wp-container-15\">\n<div class=\"wp-block-column is-layout-flow\">\n<figure class=\"wp-block-image alignwide\"><img decoding=\"async\" loading=\"lazy\" width=\"280\" height=\"290\" src=\"\/m22_content\/uploads\/2019\/05\/popis-sl-1-2.jpg\" alt=\"\" class=\"wp-image-597\"\/><\/figure>\n<\/div>\n\n\n\n<div class=\"wp-block-column is-layout-flow\">\n<p>1 mm vastag alum\u00ednium profilb\u00f3l\nk\u00e9sz\u00fclt ablakp\u00e1rk\u00e1nyok \u2013 gazdas\u00e1gosabb v\u00e1ltozat.<\/p>\n\n\n\n<p>Az A-oszt\u00e1llyal\nellent\u00e9tben az orr\u00e1nak\/eresz\u00e9nek nagyobb a lekerek\u00edt\u00e9se, az ablakp\u00e1rk\u00e1ny\norr\u00e1nak magass\u00e1ga 30 mm. Az ablakp\u00e1rk\u00e1nyokban m\u0171anyag v\u00e9gz\u0151d\u00e9s\u00fck van a\nvakolatba val\u00f3 bes\u00fcllyeszt\u00e9shez, melyek csak barna, ez\u00fcst \u00e9s feh\u00e9r sz\u00ednben\nel\u00e9rhet\u0151k. Az ablakp\u00e1rk\u00e1nyokat porbevonattal barna, ez\u00fcst \u00e9s feh\u00e9r\nsz\u00ednben vagy a RAL sz\u00ednsk\u00e1la sz\u00edneiben sz\u00e1ll\u00edtjuk.<\/p>\n<\/div>\n<\/div>\n\n\n\n<h3 class=\"wp-block-heading\"><br> C-oszt\u00e1ly\u00fa k\u00fcls\u0151 ablakp\u00e1rk\u00e1nyok<\/h3>\n\n\n\n<div class=\"wp-block-columns has-2-columns is-layout-flex wp-container-18\">\n<div class=\"wp-block-column is-layout-flow\">\n<p>Az\n1 mm-es vastags\u00e1g\u00fa <strong>hajl\u00edtott<\/strong> alum\u00edniumlemezb\u0151l k\u00e9sz\u00fclt ablakp\u00e1rk\u00e1nyok\nolcs\u00f3 v\u00e1ltozata.<\/p>\n\n\n\n<p>M\u0171anyag\nv\u00e9gz\u0151d\u00e9sekkel, az ablakp\u00e1rk\u00e1ny csak porfest\u00e9kkel van lef\u00fajva. Annak ellen\u00e9re,\nhogy ez az ablakp\u00e1rk\u00e1ny a Slovaktual k\u00edn\u00e1lat\u00e1ban megtal\u00e1lhat\u00f3, a haszn\u00e1lat\u00e1t\nnem aj\u00e1nlja. Alacsonyabb alakstabilit\u00e1sa miatt (hajl\u00edt\u00e1s \u00e9s hossztengelyi\ncsavarod\u00e1s) ink\u00e1bb mint olcs\u00f3 p\u00f3t vagy ideiglenes megold\u00e1snak alkalmasak, ha az\n\u00e9p\u00fclet a k\u00f6zelj\u00f6v\u0151ben h\u0151szigetelve lesz \u00e9s v\u00e1ltozni fog az \u00e9p\u00fclet burkolat\u00e1nak\nvastags\u00e1ga (pl. r\u00e9gebbi lak\u00f3h\u00e1zak).<\/p>\n<\/div>\n\n\n\n<div class=\"wp-block-column is-layout-flow\">\n<figure class=\"wp-block-image alignwide\"><img decoding=\"async\" loading=\"lazy\" width=\"245\" height=\"204\" src=\"\/m22_content\/uploads\/2019\/05\/parapeta-C-vonkajsia1.jpg\" alt=\"\" class=\"wp-image-605\"\/><\/figure>\n<\/div>\n<\/div>\n","protected":false},"excerpt":{"rendered":"<p>A-oszt\u00e1ly\u00fa bels\u0151 ablakp\u00e1rk\u00e1nyok A Werzalit ablakp\u00e1rk\u00e1nyok a tulajdons\u00e1gaiknak \u00e9s az el\u0151ny\u00f6s \u00e1rnak k\u00f6sz\u00f6nhet\u0151en egyar\u00e1n ide\u00e1lis megold\u00e1s jelentenek az \u00faj \u00e9p\u00fcleteken, de a fel\u00faj\u00edt\u00e1sok sor\u00e1n is. A deszka magja term\u00e9szetesen viaszozott &#8230;<\/p>\n","protected":false},"featured_media":591,"template":"","product_categories":[27],"acf":[],"_links":{"self":[{"href":"https:\/\/oknarener.sk\/hu\/wp-json\/wp\/v2\/product\/1004"}],"collection":[{"href":"https:\/\/oknarener.sk\/hu\/wp-json\/wp\/v2\/product"}],"about":[{"href":"https:\/\/oknarener.sk\/hu\/wp-json\/wp\/v2\/types\/product"}],"version-history":[{"count":0,"href":"https:\/\/oknarener.sk\/hu\/wp-json\/wp\/v2\/product\/1004\/revisions"}],"wp:featuredmedia":[{"embeddable":true,"href":"https:\/\/oknarener.sk\/hu\/wp-json\/wp\/v2\/media\/591"}],"wp:attachment":[{"href":"https:\/\/oknarener.sk\/hu\/wp-json\/wp\/v2\/media?parent=1004"}],"wp:term":[{"taxonomy":"product_categories","embeddable":true,"href":"https:\/\/oknarener.sk\/hu\/wp-json\/wp\/v2\/product_categories?post=1004"}],"curies":[{"name":"wp","href":"https:\/\/api.w.org\/{rel}","templated":true}]}}

Ablakpárkányok

<h3 class="wp-block-heading">A-osztályú belső ablakpárkányok</h3>



<div class="wp-block-columns has-2-columns is-layout-flex wp-container-3">
<div class="wp-block-column is-layout-flow">
<figure class="wp-block-image alignwide"><img decoding="async" loading="lazy" width="245" height="412" src="/m22_content/uploads/2019/05/parapeta_A2.jpg" alt="" class="wp-image-587" srcset="https://oknarener.sk/m22_content/uploads/2019/05/parapeta_A2.jpg 245w, https://oknarener.sk/m22_content/uploads/2019/05/parapeta_A2-178x300.jpg 178w" sizes="(max-width: 245px) 100vw, 245px" /></figure>
</div>



<div class="wp-block-column is-layout-flow">
<p>A
Werzalit ablakpárkányok a tulajdonságaiknak és az előnyös árnak köszönhetően
egyarán ideális megoldás jelentenek az új épületeken, de a felújítások során
is.

A deszka magja természetesen viaszozott fából
készül, amely szabadalmaztatott nagynyomású módszerrel minőségi gyantákkal van
robusztus fává sajtolva. A deszkák hézagok nélküliek, egy darabból formába sajtolva.
Ezáltal nagy sűrűséget és nyomószilárdságot kapnak. A mag és a rétegek
elválaszthatatlanul vannak összekapcsolva. Az ablakpárkányok 10-től 60 cm-es
szélességben és egészen 5,5 méter hosszúságban elérhetők.



</p>



<p>A fa vagy márvány díszítés nemes felületet kölcsönöz, és
lehetővé teszi bármely belső tér stílusának és jellegének hangsúlyozását. Az
ablakpárkány oldalai műanyag végződésekkel vagy laminálással vannak védve. Az
ablakpárkányok <strong>rendkívül ellenállnak </strong>a
mechanikus sérüléseknek, a magas hőmérsékletnek, a nedvességnek és a
háztartásban használt minden savnak és lúgnak.</p>



<p>A tesztek bizonyították a felület ellenállását, amikor
forró tárgyakkal érintkezik (pl. forró edény), anélkül, hogy látható nyomokat
mutatnának a felületen, valamint a forró cigarettával való közvetlen érintkezés
ellen is. A koromnyomok tisztítószerrel könnyen eltávolíthatók. Hasonlóképpen
eltávolíthatók az íróeszközök véletlen szennyezésének jelei is.</p>
</div>
</div>



<h3 class="wp-block-heading"><br> B-osztályú belső ablakpárkányok</h3>



<div class="wp-block-columns has-2-columns is-layout-flex wp-container-6">
<div class="wp-block-column is-layout-flow">
<p>Az
ablakpárkányok két darab préselt forgácslapból vannak gyártva – deszkából és az
ablakpárkány eleje – enyhén lekerekített élekkel. A deszkák csatlakozásai egy
vékony laminált felület takarja, amely rövidtávon vízálló.</p>



<p>Leginkább lakásokba,
fűtött és száraz helyiségekbe alkalmas. A nedvesség hatására az
ablakpárkány anyagi szerkezete szétesik, ezért nedves helyiségekbe nem alkalmas
– fürdőszoba és hasonló helyek. A cigaretta nyoma vagy más mechanikus
szennyezés nyoma tisztítószerekkel eltávolítható.</p>
</div>



<div class="wp-block-column is-layout-flow">
<figure class="wp-block-image alignwide"><img decoding="async" loading="lazy" width="245" height="197" src="/m22_content/uploads/2019/05/parapeta-B1.jpg" alt="" class="wp-image-592"/></figure>
</div>
</div>



<h3 class="wp-block-heading"> <br> C-osztályú belső ablakpárkányok</h3>



<div class="wp-block-columns has-2-columns is-layout-flex wp-container-9">
<div class="wp-block-column is-layout-flow">
<figure class="wp-block-image alignwide"><img decoding="async" loading="lazy" width="245" height="210" src="/m22_content/uploads/2019/05/parapeta-C3.jpg" alt="" class="wp-image-601"/></figure>
</div>



<div class="wp-block-column is-layout-flow">
<p>Olcsó,
alacsony tömegű <strong>cellás műanyag
ablakpárkány, </strong>ám a cellás szerkezet felületén vizuálisan finom elhajlások
jelennek meg.

Hátránya a visszafordíthatatlan deformáció
kockázata a különböző hőhatások miatt, pl. télen (a fűtőtestből a légáram által
felmelegített ablakpárkány hirtelen a szellőztetés közben lehűl), ezért nem
célszerű őket a fűtőtest közelében elhelyezni. A felületi réteg érzékeny az éles vagy a forró tárgyak
általi károsodásra. Forró edénnyel vagy égő cigarettával való érintkezéskor a
felületi réteg megolvad és az ablakpárkányon <em>eltávolíthatatlan</em> nyomot hagy.



</p>
</div>
</div>



<h3 class="wp-block-heading"><br>A-osztályú külső ablakpárkányok</h3>



<div class="wp-block-columns has-2-columns is-layout-flex wp-container-12">
<div class="wp-block-column is-layout-flow">
<p>Ezek
<strong>húzott</strong>, 1,5 &#8211; 3 mm vastag AL
profilokból készülnek (az ablakpárkány szélességétől függően), így megtartva az
alak stabilitását és elkerülve a hossztengelyi csavarodását. Hosszú távú
tartósság, időjárásállóság és alacsony hőtágulás jellemzi – a párkány hossza
akár 6 méter is lehet, forrasztás szükségessége nélkül.</p>



<p>A végeken alumínium végződések vannak, süllyesztve az oldalsó
vakolatba. Az ablakpárkány orrának/ereszének magassága 25 mm. Az ablakpárkányok
természetes alumínium, eloxált középbronz és a RAL színskála minden színében
kaphatók. Jellemzőiknek köszönhetően az Európai Unió leghasználtabb
ablakpárkányai.</p>
</div>



<div class="wp-block-column is-layout-flow">
<figure class="wp-block-image alignwide"><img decoding="async" loading="lazy" width="245" height="203" src="/m22_content/uploads/2019/05/parapeta-A-vonkajsia1.jpg" alt="" class="wp-image-595"/></figure>
</div>
</div>



<h3 class="wp-block-heading"><br>B- osztályú külső ablakpárkányok</h3>



<div class="wp-block-columns has-2-columns is-layout-flex wp-container-15">
<div class="wp-block-column is-layout-flow">
<figure class="wp-block-image alignwide"><img decoding="async" loading="lazy" width="280" height="290" src="/m22_content/uploads/2019/05/popis-sl-1-2.jpg" alt="" class="wp-image-597"/></figure>
</div>



<div class="wp-block-column is-layout-flow">
<p>1 mm vastag alumínium profilból
készült ablakpárkányok – gazdaságosabb változat.</p>



<p>Az A-osztállyal
ellentétben az orrának/ereszének nagyobb a lekerekítése, az ablakpárkány
orrának magassága 30 mm. Az ablakpárkányokban műanyag végződésük van a
vakolatba való besüllyesztéshez, melyek csak barna, ezüst és fehér színben
elérhetők. Az ablakpárkányokat porbevonattal barna, ezüst és fehér
színben vagy a RAL színskála színeiben szállítjuk.</p>
</div>
</div>



<h3 class="wp-block-heading"><br> C-osztályú külső ablakpárkányok</h3>



<div class="wp-block-columns has-2-columns is-layout-flex wp-container-18">
<div class="wp-block-column is-layout-flow">
<p>Az
1 mm-es vastagságú <strong>hajlított</strong> alumíniumlemezből készült ablakpárkányok
olcsó változata.</p>



<p>Műanyag
végződésekkel, az ablakpárkány csak porfestékkel van lefújva. Annak ellenére,
hogy ez az ablakpárkány a Slovaktual kínálatában megtalálható, a használatát
nem ajánlja. Alacsonyabb alakstabilitása miatt (hajlítás és hossztengelyi
csavarodás) inkább mint olcsó pót vagy ideiglenes megoldásnak alkalmasak, ha az
épület a közeljövőben hőszigetelve lesz és változni fog az épület burkolatának
vastagsága (pl. régebbi lakóházak).</p>
</div>



<div class="wp-block-column is-layout-flow">
<figure class="wp-block-image alignwide"><img decoding="async" loading="lazy" width="245" height="204" src="/m22_content/uploads/2019/05/parapeta-C-vonkajsia1.jpg" alt="" class="wp-image-605"/></figure>
</div>
</div>

<p>A-osztályú belső ablakpárkányok A Werzalit ablakpárkányok a tulajdonságaiknak és az előnyös árnak köszönhetően egyarán ideális megoldás jelentenek az új épületeken, de a felújítások során is. A deszka magja természetesen viaszozott &#8230;</p>
