{"id":1009,"date":"2019-05-07T14:02:12","date_gmt":"2019-05-07T14:02:12","guid":{"rendered":"http:\/\/oknarener.22media.sk\/produkty\/zaluzie-a-rolety\/"},"modified":"2019-06-12T13:36:13","modified_gmt":"2019-06-12T13:36:13","slug":"reluxak-es-redonyok","status":"publish","type":"product","link":"https:\/\/oknarener.sk\/hu\/produkty\/reluxak-es-redonyok\/","title":{"rendered":"Relux\u00e1k \u00e9s red\u0151ny\u00f6k"},"content":{"rendered":"\n<div class=\"wp-block-columns has-2-columns is-layout-flex wp-container-3\">\n<div class=\"wp-block-column is-layout-flow\">\n<p>Az alum\u00ednium l\u00e9cekb\u0151l \u00e1ll\u00f3\nrelux\u00e1k (velencei rol\u00f3k) az ablakok szabv\u00e1nyos \u00e1rny\u00e9kol\u00f3i. K\u00f6nny\u0171, modern \u00e9s\neszt\u00e9tikus relux\u00e1k gy\u00f6ngyl\u00e1ncos kezel\u00e9ssel a belt\u00e9rben t\u00f6k\u00e9letesen \u00f6sszeolvad a\nm\u0171anyag ablakkal. A relux\u00e1k t\u00e1mogat\u00f3 elemei h\u00fazott alum\u00ednium profilokb\u00f3l\nvannak.<\/p>\n\n\n\n<p>Az egyszer\u0171 kezel\u00e9sr\u0151l a\ngy\u00f6ngyl\u00e1nc gondoskodik, amivel a l\u00e9cek forgathat\u00f3k, felh\u00fazhat\u00f3k \u00e9s\nleengedhet\u0151k. A vez\u00e9rl\u0151rendszert alum\u00ednium s\u00edn v\u00e9di.<\/p>\n<\/div>\n\n\n\n<div class=\"wp-block-column is-layout-flow\">\n<figure class=\"wp-block-image\"><img decoding=\"async\" loading=\"lazy\" width=\"336\" height=\"212\" src=\"\/m22_content\/uploads\/2019\/05\/zaluzie.jpg\" alt=\"\" class=\"wp-image-609\" srcset=\"https:\/\/oknarener.sk\/m22_content\/uploads\/2019\/05\/zaluzie.jpg 336w, https:\/\/oknarener.sk\/m22_content\/uploads\/2019\/05\/zaluzie-300x189.jpg 300w\" sizes=\"(max-width: 336px) 100vw, 336px\" \/><\/figure>\n<\/div>\n<\/div>\n\n\n\n<h3 class=\"wp-block-heading\"><br><br>Red\u0151ny\u00f6k<\/h3>\n\n\n\n<div class=\"wp-block-columns has-2-columns is-layout-flex wp-container-6\">\n<div class=\"wp-block-column is-layout-flow\">\n<p>A red\u0151ny\u00f6knek kellemesen a megjelen\u00e9s\u00fck \u00e9s a kezel\u00e9s\u00fck k\u00f6nny\u0171, egyszer\u0171. A z ig\u00e9ny szerinti m\u0171k\u00f6d\u00e9si k\u00e9nyelemt\u0151l f\u00fcgg\u0151en v\u00e1laszthatja a mechanikus vez\u00e9rl\u00e9st egy hajt\u00f3karral vagy az elektromosat egy szervomotorral ell\u00e1tott kapcsol\u00f3val.<\/p>\n<\/div>\n\n\n\n<div class=\"wp-block-column is-layout-flow\">\n<p>A red\u0151ny\u00f6k fel\u00fclet\u00e9t feh\u00e9r, sz\u00fcrke vagy b\u00e9zs sz\u00edn\u0171 ragasztott l\u00e9cek k\u00e9pezik \u2013 cellul\u00e1ris m\u0171anyagb\u00f3l vagy alum\u00ednium profilokb\u00f3l, habbal a belsej\u00e9ben.<\/p>\n<\/div>\n<\/div>\n\n\n\n<h3 class=\"wp-block-heading\"><br><br><strong>Ablak feletti m\u0171anyag red\u0151ny<\/strong><\/h3>\n\n\n\n<div class=\"wp-block-columns has-2-columns is-layout-flex wp-container-9\">\n<div class=\"wp-block-column is-layout-flow\">\n<div class=\"wp-block-image\"><figure class=\"alignleft\"><img decoding=\"async\" loading=\"lazy\" width=\"260\" height=\"260\" src=\"\/m22_content\/uploads\/2019\/05\/roleta_01.jpg\" alt=\"\" class=\"wp-image-611\"\/><\/figure><\/div>\n<\/div>\n\n\n\n<div class=\"wp-block-column is-layout-flow\">\n<p>Bemutatjuk a legegyszer\u0171bb \u00e9s nagyon k\u00e9nyelmes telep\u00edt\u00e9si rendszert \u2013 az ablakkal egyidej\u0171leg van felszerelve. A vezet\u0151s\u00ednek \u00e9s a doboz m\u0171anyag, a l\u00e9cek lehetnek m\u0171anyagb\u00f3l vagy alum\u00edniumb\u00f3l. F\u0151leg a r\u00e9gi ablakok cser\u00e9j\u00e9n\u00e9l haszn\u00e1latosak \u2013 a bels\u0151 oldalon a doboz l\u00e1that\u00f3 \u00e9s a k\u00fcls\u0151 r\u00e9szr\u0151l r\u00e9szlegesen a k\u00fcls\u0151 vakolattal befedhet\u0151.<\/p>\n<\/div>\n<\/div>\n\n\n\n<h3 class=\"wp-block-heading\"><br><br><strong>Ablak el\u0151tti red\u0151ny<\/strong><\/h3>\n\n\n\n<div class=\"wp-block-columns has-2-columns is-layout-flex wp-container-12\">\n<div class=\"wp-block-column is-layout-flow\">\n<div class=\"wp-block-image\"><figure class=\"alignleft\"><img decoding=\"async\" loading=\"lazy\" width=\"260\" height=\"260\" src=\"\/m22_content\/uploads\/2019\/05\/roleta_02.jpg\" alt=\"\" class=\"wp-image-613\"\/><\/figure><\/div>\n<\/div>\n\n\n\n<div class=\"wp-block-column is-layout-flow\">\n<p>Az ablak el\u0151tti red\u0151ny ritk\u00e1bban haszn\u00e1lt, \u00e9s az ablak telep\u00edt\u00e9se ut\u00e1n is felszerelhet\u0151. A red\u0151nydoboz k\u00edv\u00fclr\u0151l l\u00e1that\u00f3. A vezet\u0151s\u00edn, a doboz \u00e9s a red\u0151ny l\u00e9cei alum\u00edniumb\u00f3l vannak. <\/p>\n<\/div>\n<\/div>\n\n\n\n<h3 class=\"wp-block-heading\"><br><br><strong>Ablak el\u0151tti vakolt red\u0151ny<\/strong><\/h3>\n\n\n\n<div class=\"wp-block-columns has-2-columns is-layout-flex wp-container-15\">\n<div class=\"wp-block-column is-layout-flow\">\n<div class=\"wp-block-image\"><figure class=\"alignleft\"><img decoding=\"async\" loading=\"lazy\" width=\"260\" height=\"260\" src=\"\/m22_content\/uploads\/2019\/05\/roleta_03.jpg\" alt=\"\" class=\"wp-image-615\"\/><\/figure><\/div>\n<\/div>\n\n\n\n<div class=\"wp-block-column is-layout-flow\">\n<p>Az ablak el\u0151tti vakolt red\u0151ny a leggyakrabban haszn\u00e1lt red\u0151nyfajta. A red\u0151nyt az ablak el\u00e9 telep\u00edtik, \u00edgy nem keletkeznek termikus hidak \u00e9s a doboz bevakol\u00e1sa ut\u00e1n az sem k\u00edv\u00fclr\u0151l, sem bel\u00fclr\u0151l nem l\u00e1tszik. Ha ezt a red\u0151ny v\u00e1lasztja, akkor az ablak feletti helyet k\u00edv\u00fclr\u0151l kell kialak\u00edtani.<\/p>\n<\/div>\n<\/div>\n","protected":false},"excerpt":{"rendered":"<p>Az alum\u00ednium l\u00e9cekb\u0151l \u00e1ll\u00f3 relux\u00e1k (velencei rol\u00f3k) az ablakok szabv\u00e1nyos \u00e1rny\u00e9kol\u00f3i. K\u00f6nny\u0171, modern \u00e9s eszt\u00e9tikus relux\u00e1k gy\u00f6ngyl\u00e1ncos kezel\u00e9ssel a belt\u00e9rben t\u00f6k\u00e9letesen \u00f6sszeolvad a m\u0171anyag ablakkal. A relux\u00e1k t\u00e1mogat\u00f3 elemei h\u00fazott &#8230;<\/p>\n","protected":false},"featured_media":1019,"template":"","product_categories":[27],"acf":[],"_links":{"self":[{"href":"https:\/\/oknarener.sk\/hu\/wp-json\/wp\/v2\/product\/1009"}],"collection":[{"href":"https:\/\/oknarener.sk\/hu\/wp-json\/wp\/v2\/product"}],"about":[{"href":"https:\/\/oknarener.sk\/hu\/wp-json\/wp\/v2\/types\/product"}],"version-history":[{"count":0,"href":"https:\/\/oknarener.sk\/hu\/wp-json\/wp\/v2\/product\/1009\/revisions"}],"wp:featuredmedia":[{"embeddable":true,"href":"https:\/\/oknarener.sk\/hu\/wp-json\/wp\/v2\/media\/1019"}],"wp:attachment":[{"href":"https:\/\/oknarener.sk\/hu\/wp-json\/wp\/v2\/media?parent=1009"}],"wp:term":[{"taxonomy":"product_categories","embeddable":true,"href":"https:\/\/oknarener.sk\/hu\/wp-json\/wp\/v2\/product_categories?post=1009"}],"curies":[{"name":"wp","href":"https:\/\/api.w.org\/{rel}","templated":true}]}}

Reluxák és redőnyök

<div class="wp-block-columns has-2-columns is-layout-flex wp-container-3">
<div class="wp-block-column is-layout-flow">
<p>Az alumínium lécekből álló
reluxák (velencei rolók) az ablakok szabványos árnyékolói. Könnyű, modern és
esztétikus reluxák gyöngyláncos kezeléssel a beltérben tökéletesen összeolvad a
műanyag ablakkal. A reluxák támogató elemei húzott alumínium profilokból
vannak.</p>



<p>Az egyszerű kezelésről a
gyöngylánc gondoskodik, amivel a lécek forgathatók, felhúzhatók és
leengedhetők. A vezérlőrendszert alumínium sín védi.</p>
</div>



<div class="wp-block-column is-layout-flow">
<figure class="wp-block-image"><img decoding="async" loading="lazy" width="336" height="212" src="/m22_content/uploads/2019/05/zaluzie.jpg" alt="" class="wp-image-609" srcset="https://oknarener.sk/m22_content/uploads/2019/05/zaluzie.jpg 336w, https://oknarener.sk/m22_content/uploads/2019/05/zaluzie-300x189.jpg 300w" sizes="(max-width: 336px) 100vw, 336px" /></figure>
</div>
</div>



<h3 class="wp-block-heading"><br><br>Redőnyök</h3>



<div class="wp-block-columns has-2-columns is-layout-flex wp-container-6">
<div class="wp-block-column is-layout-flow">
<p>A redőnyöknek kellemesen a megjelenésük és a kezelésük könnyű, egyszerű. A z igény szerinti működési kényelemtől függően választhatja a mechanikus vezérlést egy hajtókarral vagy az elektromosat egy szervomotorral ellátott kapcsolóval.</p>
</div>



<div class="wp-block-column is-layout-flow">
<p>A redőnyök felületét fehér, szürke vagy bézs színű ragasztott lécek képezik – celluláris műanyagból vagy alumínium profilokból, habbal a belsejében.</p>
</div>
</div>



<h3 class="wp-block-heading"><br><br><strong>Ablak feletti műanyag redőny</strong></h3>



<div class="wp-block-columns has-2-columns is-layout-flex wp-container-9">
<div class="wp-block-column is-layout-flow">
<div class="wp-block-image"><figure class="alignleft"><img decoding="async" loading="lazy" width="260" height="260" src="/m22_content/uploads/2019/05/roleta_01.jpg" alt="" class="wp-image-611"/></figure></div>
</div>



<div class="wp-block-column is-layout-flow">
<p>Bemutatjuk a legegyszerűbb és nagyon kényelmes telepítési rendszert – az ablakkal egyidejűleg van felszerelve. A vezetősínek és a doboz műanyag, a lécek lehetnek műanyagból vagy alumíniumból. Főleg a régi ablakok cseréjénél használatosak – a belső oldalon a doboz látható és a külső részről részlegesen a külső vakolattal befedhető.</p>
</div>
</div>



<h3 class="wp-block-heading"><br><br><strong>Ablak előtti redőny</strong></h3>



<div class="wp-block-columns has-2-columns is-layout-flex wp-container-12">
<div class="wp-block-column is-layout-flow">
<div class="wp-block-image"><figure class="alignleft"><img decoding="async" loading="lazy" width="260" height="260" src="/m22_content/uploads/2019/05/roleta_02.jpg" alt="" class="wp-image-613"/></figure></div>
</div>



<div class="wp-block-column is-layout-flow">
<p>Az ablak előtti redőny ritkábban használt, és az ablak telepítése után is felszerelhető. A redőnydoboz kívülről látható. A vezetősín, a doboz és a redőny lécei alumíniumból vannak. </p>
</div>
</div>



<h3 class="wp-block-heading"><br><br><strong>Ablak előtti vakolt redőny</strong></h3>



<div class="wp-block-columns has-2-columns is-layout-flex wp-container-15">
<div class="wp-block-column is-layout-flow">
<div class="wp-block-image"><figure class="alignleft"><img decoding="async" loading="lazy" width="260" height="260" src="/m22_content/uploads/2019/05/roleta_03.jpg" alt="" class="wp-image-615"/></figure></div>
</div>



<div class="wp-block-column is-layout-flow">
<p>Az ablak előtti vakolt redőny a leggyakrabban használt redőnyfajta. A redőnyt az ablak elé telepítik, így nem keletkeznek termikus hidak és a doboz bevakolása után az sem kívülről, sem belülről nem látszik. Ha ezt a redőny választja, akkor az ablak feletti helyet kívülről kell kialakítani.</p>
</div>
</div>

<p>Az alumínium lécekből álló reluxák (velencei rolók) az ablakok szabványos árnyékolói. Könnyű, modern és esztétikus reluxák gyöngyláncos kezeléssel a beltérben tökéletesen összeolvad a műanyag ablakkal. A reluxák támogató elemei húzott &#8230;</p>
