{"id":927,"date":"2019-04-29T12:05:48","date_gmt":"2019-04-29T12:05:48","guid":{"rendered":"http:\/\/oknarener.22media.sk\/produkty\/plastove-okno-pasiv\/"},"modified":"2019-05-31T09:16:26","modified_gmt":"2019-05-31T09:16:26","slug":"pasiv-muanyag-ablak","status":"publish","type":"product","link":"https:\/\/oknarener.sk\/hu\/produkty\/pasiv-muanyag-ablak\/","title":{"rendered":"PASIV m\u0171anyag ablak"},"content":{"rendered":"\n<div class=\"wp-block-columns has-2-columns is-layout-flex wp-container-3\">\n<div class=\"wp-block-column is-layout-flow\">\n<figure class=\"wp-block-image\"><img decoding=\"async\" loading=\"lazy\" width=\"335\" height=\"515\" src=\"\/m22_content\/uploads\/2019\/04\/pasiv-legend.jpg\" alt=\"\" class=\"wp-image-383\" srcset=\"https:\/\/oknarener.sk\/m22_content\/uploads\/2019\/04\/pasiv-legend.jpg 335w, https:\/\/oknarener.sk\/m22_content\/uploads\/2019\/04\/pasiv-legend-195x300.jpg 195w, https:\/\/oknarener.sk\/m22_content\/uploads\/2019\/04\/pasiv-legend-293x450.jpg 293w\" sizes=\"(max-width: 335px) 100vw, 335px\" \/><\/figure>\n<\/div>\n\n\n\n<div class=\"wp-block-column is-layout-flow\">\n<ol><li> <strong>Profilrendszer: <\/strong>Szil\u00e1rd \u00e9s stabil 6-kamr\u00e1s m\u0171anyag profil, kiv\u00e1l\u00f3 h\u0151szigetel\u0151 tulajdons\u00e1ggal \u00e9s 85 mm m\u00e9lys\u00e9ggel. Els\u0151 vagy h\u00e1ts\u00f3 (rejtett) v\u00edzelvezet\u00e9si lehet\u0151s\u00e9g. A HL \u00e9s a CL vari\u00e1nsok egyar\u00e1nt kieg\u00e9sz\u00edthet\u0151ek alum\u00ednium s\u00ednekkel.<\/li><li><strong>3 r\u00e9teg szigetel\u0151 \u00fcveg: <\/strong>A PASIV CL ablakokban ak\u00e1r 48 mm sz\u00e9les \u00fcvegez\u00e9s is lehets\u00e9ges, a PASIV HL-n\u00e9l pedig 56 mm.<\/li><li><strong>T\u00e1vols\u00e1gtart\u00f3 keret: <\/strong>A Swisspasser U t\u00e1vols\u00e1gtart\u00f3k megakad\u00e1lyozz\u00e1k a h\u0151szigetel\u0151 g\u00e1z sziv\u00e1rg\u00e1s\u00e1t az \u00fcvegek k\u00f6z\u00f6tti r\u00e9szb\u0151l, valamint a v\u00edzp\u00e1ra kialakul\u00e1s\u00e1t. Jelent\u0151sen cs\u00f6kkenti a termikus hidak l\u00e9trej\u00f6tt\u00e9t \u00e9s n\u00f6veli az ablakok h\u0151szigetel\u0151 tulajdons\u00e1g\u00e1t <\/li><li><strong>\u00dcveg ragaszt\u00e1sa: <\/strong>A szigetel\u0151 \u00fcveg szil\u00e1rdan ragasztva ker\u00fcl a peremre. Ez n\u00f6veli a teljes szerkezet stabilit\u00e1s\u00e1t, valamint a h\u0151- \u00e9s hangszigetel\u00e9s m\u00e9rt\u00e9k\u00e9t. Az \u00fcveget nem lehet kitolni a keretb\u0151l \u00e9s az ablak ellen\u00e1ll\u00f3bb a bet\u00f6r\u00e9sekkel szemben.<\/li><li><strong>R\u00f6gz\u00edtett k\u00f6z\u00e9ps\u0151 z\u00e1r\u00f3t\u00f6m\u00edt\u00e9s: <\/strong>A k\u00f6zponti t\u00f6m\u00edt\u00e9ssel ell\u00e1tott t\u00f6m\u00edt\u00e9ses rendszer seg\u00edt a magasabb h\u0151szigetel\u00e9sben \u00e9s seg\u00edti az ablak v\u00edzz\u00e1r\u00f3s\u00e1g\u00e1t. A szil\u00e1rd k\u00f6z\u00e9ps\u0151 g\u00e1t megakad\u00e1lyozza az ablak t\u00f6r\u00e9s\u00e9t \u00e9s megv\u00e9di azt az id\u0151j\u00e1r\u00e1st\u00f3l.<\/li><\/ol>\n<\/div>\n<\/div>\n","protected":false},"excerpt":{"rendered":"<p>Egyetlen modern \u00e9s alacsony energiaig\u00e9ny\u0171 \u00e9p\u00fclet sem lehet meg kiemelked\u0151 h\u0151szigetel\u0151 tulajdons\u00e1ggal rendelkez\u0151 ablakok n\u00e9lk\u00fcl. A 85 mm m\u00e9lys\u00e9g\u0171, h\u00e1rom r\u00e9teg \u00fcveggel rendelkez\u0151 Slovaktual PASIV m\u0171anyag ablakok ide\u00e1lis megold\u00e1snak sz\u00e1m\u00edtanak az energiatakar\u00e9kos \u00e9p\u00fcletek sz\u00e1m\u00e1ra. Nem csak a szigor\u00fa norm\u00e1knak, de a megb\u00edzhat\u00f3s\u00e1g, a tart\u00f3ss\u00e1g \u00e9s a k\u00fclalaki elv\u00e1r\u00e1soknak is megfelelnek.<\/p>\n","protected":false},"featured_media":928,"template":"","product_categories":[23],"acf":[],"_links":{"self":[{"href":"https:\/\/oknarener.sk\/hu\/wp-json\/wp\/v2\/product\/927"}],"collection":[{"href":"https:\/\/oknarener.sk\/hu\/wp-json\/wp\/v2\/product"}],"about":[{"href":"https:\/\/oknarener.sk\/hu\/wp-json\/wp\/v2\/types\/product"}],"version-history":[{"count":0,"href":"https:\/\/oknarener.sk\/hu\/wp-json\/wp\/v2\/product\/927\/revisions"}],"wp:featuredmedia":[{"embeddable":true,"href":"https:\/\/oknarener.sk\/hu\/wp-json\/wp\/v2\/media\/928"}],"wp:attachment":[{"href":"https:\/\/oknarener.sk\/hu\/wp-json\/wp\/v2\/media?parent=927"}],"wp:term":[{"taxonomy":"product_categories","embeddable":true,"href":"https:\/\/oknarener.sk\/hu\/wp-json\/wp\/v2\/product_categories?post=927"}],"curies":[{"name":"wp","href":"https:\/\/api.w.org\/{rel}","templated":true}]}}

PASIV műanyag ablak

<div class="wp-block-columns has-2-columns is-layout-flex wp-container-3">
<div class="wp-block-column is-layout-flow">
<figure class="wp-block-image"><img decoding="async" loading="lazy" width="335" height="515" src="/m22_content/uploads/2019/04/pasiv-legend.jpg" alt="" class="wp-image-383" srcset="https://oknarener.sk/m22_content/uploads/2019/04/pasiv-legend.jpg 335w, https://oknarener.sk/m22_content/uploads/2019/04/pasiv-legend-195x300.jpg 195w, https://oknarener.sk/m22_content/uploads/2019/04/pasiv-legend-293x450.jpg 293w" sizes="(max-width: 335px) 100vw, 335px" /></figure>
</div>



<div class="wp-block-column is-layout-flow">
<ol><li> <strong>Profilrendszer: </strong>Szilárd és stabil 6-kamrás műanyag profil, kiváló hőszigetelő tulajdonsággal és 85 mm mélységgel. Első vagy hátsó (rejtett) vízelvezetési lehetőség. A HL és a CL variánsok egyaránt kiegészíthetőek alumínium sínekkel.</li><li><strong>3 réteg szigetelő üveg: </strong>A PASIV CL ablakokban akár 48 mm széles üvegezés is lehetséges, a PASIV HL-nél pedig 56 mm.</li><li><strong>Távolságtartó keret: </strong>A Swisspasser U távolságtartók megakadályozzák a hőszigetelő gáz szivárgását az üvegek közötti részből, valamint a vízpára kialakulását. Jelentősen csökkenti a termikus hidak létrejöttét és növeli az ablakok hőszigetelő tulajdonságát </li><li><strong>Üveg ragasztása: </strong>A szigetelő üveg szilárdan ragasztva kerül a peremre. Ez növeli a teljes szerkezet stabilitását, valamint a hő- és hangszigetelés mértékét. Az üveget nem lehet kitolni a keretből és az ablak ellenállóbb a betörésekkel szemben.</li><li><strong>Rögzített középső zárótömítés: </strong>A központi tömítéssel ellátott tömítéses rendszer segít a magasabb hőszigetelésben és segíti az ablak vízzáróságát. A szilárd középső gát megakadályozza az ablak törését és megvédi azt az időjárástól.</li></ol>
</div>
</div>

<p>Egyetlen modern és alacsony energiaigényű épület sem lehet meg kiemelkedő hőszigetelő tulajdonsággal rendelkező ablakok nélkül. A 85 mm mélységű, három réteg üveggel rendelkező Slovaktual PASIV műanyag ablakok ideális megoldásnak számítanak az energiatakarékos épületek számára. Nem csak a szigorú normáknak, de a megbízhatóság, a tartósság és a külalaki elvárásoknak is megfelelnek.</p>
