{"id":936,"date":"2019-05-07T09:04:03","date_gmt":"2019-05-07T09:04:03","guid":{"rendered":"http:\/\/oknarener.22media.sk\/produkty\/plastove-okno-slovaktual-optim\/"},"modified":"2019-05-31T09:16:20","modified_gmt":"2019-05-31T09:16:20","slug":"optim-muanyag-ablak","status":"publish","type":"product","link":"https:\/\/oknarener.sk\/hu\/produkty\/optim-muanyag-ablak\/","title":{"rendered":"OPTIM m\u0171anyag ablak"},"content":{"rendered":"\n<div class=\"wp-block-columns has-2-columns is-layout-flex wp-container-3\">\n<div class=\"wp-block-column is-layout-flow\">\n<figure class=\"wp-block-image\"><img decoding=\"async\" loading=\"lazy\" width=\"335\" height=\"528\" src=\"\/m22_content\/uploads\/2019\/05\/legend-optim2.jpg\" alt=\"\" class=\"wp-image-412\" srcset=\"https:\/\/oknarener.sk\/m22_content\/uploads\/2019\/05\/legend-optim2.jpg 335w, https:\/\/oknarener.sk\/m22_content\/uploads\/2019\/05\/legend-optim2-190x300.jpg 190w, https:\/\/oknarener.sk\/m22_content\/uploads\/2019\/05\/legend-optim2-286x450.jpg 286w\" sizes=\"(max-width: 335px) 100vw, 335px\" \/><\/figure>\n<\/div>\n\n\n\n<div class=\"wp-block-column is-layout-flow\">\n<ol><li><strong>Modern elrendez\u00e9s\u0171 kamr\u00e1k:<\/strong>a leg\u00fajabb technol\u00f3gi\u00e1k seg\u00edts\u00e9g\u00e9vel megalkotott \u00fcreges profilok maxim\u00e1lis h\u0151szigetel\u00e9st, optim\u00e1lis profilstabilit\u00e1st \u00e9s nagy teherb\u00edr\u00e1st biztos\u00edtanak<\/li><li><strong>Magas l\u00e9g- \u00e9s v\u00edzhatlan k\u00e9pess\u00e9g: <\/strong>a sarkokba illesztett peremt\u00f6m\u00edt\u00e9s magas ellen\u00e1ll\u00e1st biztos\u00edt az es\u0151vel \u00e9s sz\u00e9llel szemben<\/li><li><strong>Stabilit\u00e1s \u00e9s szil\u00e1rds\u00e1g:<\/strong> a szil\u00e1rdan ragasztott izol\u00e1ci\u00f3s \u00fcveg magas szil\u00e1rds\u00e1got \u00e9s stabilit\u00e1st biztos\u00edt az ablak sz\u00e1m\u00e1ra. A nagyobb m\u00e9ret\u0171 ablakok ezen fel\u00fcl ac\u00e9l er\u0151s\u00edt\u00e9st is kapnak. <\/li><li><strong>T\u00f6bb f\u00e9ny:<\/strong> A v\u00e9kony profilok t\u00f6bb napf\u00e9nyt, ez\u00e1ltal t\u00f6bb h\u0151energi\u00e1t engednek a helyis\u00e9gbe.<\/li><li><strong>Magas hangszigetel\u00e9s:<\/strong> A 76 mm keretm\u00e9lys\u00e9g a be\u00e9p\u00edtett k\u00f6z\u00e9pt\u00f6m\u00edt\u00e9ssel magas hangszigetel\u00e9st biztos\u00edt<\/li><li><strong>Optim\u00e1lis be\u00e9p\u00edthet\u0151s\u00e9g:<\/strong> A speci\u00e1lis profilok biztos\u00edtj\u00e1k az optim\u00e1lis telep\u00edt\u00e9st, \u00faj \u00e9p\u00edt\u00e9s \u00e9s fel\u00faj\u00edt\u00e1s eset\u00e9n is.<\/li><\/ol>\n<\/div>\n<\/div>\n","protected":false},"excerpt":{"rendered":"<p>A Slovaktual OPTIM m\u0171anyag ablakok a 76 mm m\u00e9lys\u00e9g\u00e9nek k\u00f6sz\u00f6nhet\u0151en kiv\u00e1l\u00f3 m\u0171szaki \u00e9rt\u00e9kkel rendelkezik. Sz\u00e1mos vari\u00e1ci\u00f3, a sz\u00e9les sz\u00ednsk\u00e1la \u00e9s a k\u00fcl\u00f6nb\u00f6z\u0151 dekor\u00e1ci\u00f3s f\u00f3li\u00e1k lehet\u0151v\u00e9 teszik az ablakok egyediv\u00e9 alak\u00edt\u00e1s\u00e1t. A tiszt\u00e1ntart\u00e1suk emellett rendk\u00edv\u00fcl k\u00f6nny\u0171 \u00e9s k\u00e9nyelmes.<\/p>\n","protected":false},"featured_media":411,"template":"","product_categories":[23],"acf":[],"_links":{"self":[{"href":"https:\/\/oknarener.sk\/hu\/wp-json\/wp\/v2\/product\/936"}],"collection":[{"href":"https:\/\/oknarener.sk\/hu\/wp-json\/wp\/v2\/product"}],"about":[{"href":"https:\/\/oknarener.sk\/hu\/wp-json\/wp\/v2\/types\/product"}],"version-history":[{"count":0,"href":"https:\/\/oknarener.sk\/hu\/wp-json\/wp\/v2\/product\/936\/revisions"}],"wp:featuredmedia":[{"embeddable":true,"href":"https:\/\/oknarener.sk\/hu\/wp-json\/wp\/v2\/media\/411"}],"wp:attachment":[{"href":"https:\/\/oknarener.sk\/hu\/wp-json\/wp\/v2\/media?parent=936"}],"wp:term":[{"taxonomy":"product_categories","embeddable":true,"href":"https:\/\/oknarener.sk\/hu\/wp-json\/wp\/v2\/product_categories?post=936"}],"curies":[{"name":"wp","href":"https:\/\/api.w.org\/{rel}","templated":true}]}}

OPTIM műanyag ablak

<div class="wp-block-columns has-2-columns is-layout-flex wp-container-3">
<div class="wp-block-column is-layout-flow">
<figure class="wp-block-image"><img decoding="async" loading="lazy" width="335" height="528" src="/m22_content/uploads/2019/05/legend-optim2.jpg" alt="" class="wp-image-412" srcset="https://oknarener.sk/m22_content/uploads/2019/05/legend-optim2.jpg 335w, https://oknarener.sk/m22_content/uploads/2019/05/legend-optim2-190x300.jpg 190w, https://oknarener.sk/m22_content/uploads/2019/05/legend-optim2-286x450.jpg 286w" sizes="(max-width: 335px) 100vw, 335px" /></figure>
</div>



<div class="wp-block-column is-layout-flow">
<ol><li><strong>Modern elrendezésű kamrák:</strong>a legújabb technológiák segítségével megalkotott üreges profilok maximális hőszigetelést, optimális profilstabilitást és nagy teherbírást biztosítanak</li><li><strong>Magas lég- és vízhatlan képesség: </strong>a sarkokba illesztett peremtömítés magas ellenállást biztosít az esővel és széllel szemben</li><li><strong>Stabilitás és szilárdság:</strong> a szilárdan ragasztott izolációs üveg magas szilárdságot és stabilitást biztosít az ablak számára. A nagyobb méretű ablakok ezen felül acél erősítést is kapnak. </li><li><strong>Több fény:</strong> A vékony profilok több napfényt, ezáltal több hőenergiát engednek a helyiségbe.</li><li><strong>Magas hangszigetelés:</strong> A 76 mm keretmélység a beépített középtömítéssel magas hangszigetelést biztosít</li><li><strong>Optimális beépíthetőség:</strong> A speciális profilok biztosítják az optimális telepítést, új építés és felújítás esetén is.</li></ol>
</div>
</div>

<p>A Slovaktual OPTIM műanyag ablakok a 76 mm mélységének köszönhetően kiváló műszaki értékkel rendelkezik. Számos variáció, a széles színskála és a különböző dekorációs fóliák lehetővé teszik az ablakok egyedivé alakítását. A tisztántartásuk emellett rendkívül könnyű és kényelmes.</p>
