{"id":949,"date":"2019-05-07T11:20:13","date_gmt":"2019-05-07T11:20:13","guid":{"rendered":"http:\/\/oknarener.22media.sk\/produkty\/hlinikove-okno-slovaktual-w-77hi\/"},"modified":"2019-05-31T09:25:38","modified_gmt":"2019-05-31T09:25:38","slug":"slovaktual-w-77hi-aluminium-ablak","status":"publish","type":"product","link":"https:\/\/oknarener.sk\/hu\/produkty\/slovaktual-w-77hi-aluminium-ablak\/","title":{"rendered":"Slovaktual W 77HI alum\u00ednium ablak"},"content":{"rendered":"\n<div class=\"wp-block-columns has-2-columns is-layout-flex wp-container-3\">\n<div class=\"wp-block-column is-layout-flow\">\n<figure class=\"wp-block-image\"><img decoding=\"async\" loading=\"lazy\" width=\"689\" height=\"1024\" src=\"\/m22_content\/uploads\/2019\/05\/W_77HI_cisla-689x1024.png\" alt=\"\" class=\"wp-image-458\" srcset=\"https:\/\/oknarener.sk\/m22_content\/uploads\/2019\/05\/W_77HI_cisla-689x1024.png 689w, https:\/\/oknarener.sk\/m22_content\/uploads\/2019\/05\/W_77HI_cisla-202x300.png 202w, https:\/\/oknarener.sk\/m22_content\/uploads\/2019\/05\/W_77HI_cisla-303x450.png 303w, https:\/\/oknarener.sk\/m22_content\/uploads\/2019\/05\/W_77HI_cisla-370x550.png 370w, https:\/\/oknarener.sk\/m22_content\/uploads\/2019\/05\/W_77HI_cisla-652x970.png 652w, https:\/\/oknarener.sk\/m22_content\/uploads\/2019\/05\/W_77HI_cisla.png 700w\" sizes=\"(max-width: 689px) 100vw, 689px\" \/><\/figure>\n\n\n\n<p><\/p>\n<\/div>\n\n\n\n<div class=\"wp-block-column is-layout-flow\">\n<ol><li><strong>Stabil profilrendszer:<\/strong> A 3-kamr\u00e1s alum\u00ednium profil a 77 mm be\u00e9p\u00edt\u00e9si m\u00e9lys\u00e9ggel kimagaslik szil\u00e1rds\u00e1g\u00e1val \u00e9s stabilit\u00e1s\u00e1val. A speci\u00e1lis HWR bevonat jelent\u0151sen n\u00f6veli a sz\u00edn \u00e9s a f\u00e9ny tart\u00f3ss\u00e1g\u00e1t. <\/li><li><strong>Szigetel\u0151 h\u00e1rmas \u00fcveg: <\/strong>a szigetel\u0151 \u00fcveg m\u00e9lyebben van be\u00e1gyazva a sz\u00e1rnyprofilba, amely kiz\u00e1rja a bels\u0151 \u00fcveglap \u00e9s a profil kondenz\u00e1ci\u00f3j\u00e1t. A be\u00e9p\u00edt\u00e9si m\u00e9lys\u00e9g lehet\u0151v\u00e9 teszi a sz\u00e1rny 66 mm m\u00e9lys\u00e9gig t\u00f6rt\u00e9n\u0151 \u00fcvegez\u00e9s\u00e9t. Az optim\u00e1lis szigetel\u0151\u00fcveg kiv\u00e1laszt\u00e1s\u00e1n\u00e1l \u00edgy semmi sem korl\u00e1tozza. <\/li><li><strong>T\u00e1vols\u00e1gtart\u00f3 keret:<\/strong> \u00a0A Swisspasser U t\u00e1vols\u00e1gtart\u00f3k jelent\u0151sen cs\u00f6kkentik a termikus hidak l\u00e9trej\u00f6tt\u00e9t \u00e9s kiz\u00e1rja a p\u00e1r\u00e1sod\u00e1st. Emellett megakad\u00e1lyozz\u00e1k a h\u0151szigetel\u0151 g\u00e1z sziv\u00e1rg\u00e1s\u00e1t az \u00fcvegek k\u00f6z\u00f6tti r\u00e9szb\u0151l, valamint a v\u00edzp\u00e1ra kialakul\u00e1s\u00e1t.<\/li><li><strong>H\u0151szigetel\u0151 bet\u00e9t: <\/strong>az \u00fcveg al\u00e1 helyezik, kiz\u00e1rja az \u00e1tf\u00faj\u00e1st \u00e9s jav\u00edtja az ablak h\u0151szigetel\u0151 tulajdons\u00e1gait.  <\/li><li><strong>Szigetel\u0151kamr\u00e1k 100%-os habos\u00edt\u00e1sa: <\/strong>A profilkamr\u00e1k a keret eg\u00e9sz\u00e9ben PUR habbal vannak felt\u00f6ltve, ami n\u00f6veli az ablak h\u0151szigetel\u0151 tulajdons\u00e1gait. A szigetel\u0151 habot freonok n\u00e9lk\u00fcl \u00e1ll\u00edtj\u00e1k el\u0151 \u00e9s csak term\u00e9szetes anyagok ker\u00fclnek felhaszn\u00e1l\u00e1sra stabiliz\u00e1tork\u00e9nt.<\/li><li><strong>COEX k\u00f6zponti t\u00f6m\u00edt\u00e9s: <\/strong>az innov\u00e1ci\u00f3s k\u00f6zponti t\u00f6m\u00edt\u00e9s \u00e9s a szigetel\u0151 v\u00e1laszfalak geometri\u00e1ja \u00fagy van kialak\u00edtva, hogy nagyban hozz\u00e1j\u00e1ruljon a h\u0151szigetel\u0151 tulajdons\u00e1ghoz \u00e9s a heves es\u0151z\u00e9ssel szembeni ellen\u00e1ll\u00e1shoz. <\/li><\/ol>\n\n\n\n<p><\/p>\n<\/div>\n<\/div>\n","protected":false},"excerpt":{"rendered":"<p>Az \u00e9p\u00edt\u00e9szet legnagyobb trendjei k\u00f6z\u00e9 manaps\u00e1g az energiahat\u00e9kony \u00e9p\u00fcletek, valamint a (szinte) nulla energiafogyaszt\u00e1s\u00fa \u00e9p\u00fcletek tartoznak. A kifinomult fejleszt\u00e9seknek k\u00f6sz\u00f6nhet\u0151en a Slovaktual W 77HI alum\u00ednium ablakok nagyszer\u0171 teljes\u00edtm\u00e9nnyel rendelkezik a h\u0151szigetel\u00e9s ter\u00e9n. Nemcsak a szigor\u00fa energetikai szabv\u00e1nyoknak, de az ellen\u00e1ll\u00f3k\u00e9pess\u00e9g, a tart\u00f3ss\u00e1g \u00e9s az id\u0151tlen k\u00fcls\u0151 elv\u00e1r\u00e1sainak is megfelelnek.<\/p>\n","protected":false},"featured_media":457,"template":"","product_categories":[24],"acf":[],"_links":{"self":[{"href":"https:\/\/oknarener.sk\/hu\/wp-json\/wp\/v2\/product\/949"}],"collection":[{"href":"https:\/\/oknarener.sk\/hu\/wp-json\/wp\/v2\/product"}],"about":[{"href":"https:\/\/oknarener.sk\/hu\/wp-json\/wp\/v2\/types\/product"}],"version-history":[{"count":0,"href":"https:\/\/oknarener.sk\/hu\/wp-json\/wp\/v2\/product\/949\/revisions"}],"wp:featuredmedia":[{"embeddable":true,"href":"https:\/\/oknarener.sk\/hu\/wp-json\/wp\/v2\/media\/457"}],"wp:attachment":[{"href":"https:\/\/oknarener.sk\/hu\/wp-json\/wp\/v2\/media?parent=949"}],"wp:term":[{"taxonomy":"product_categories","embeddable":true,"href":"https:\/\/oknarener.sk\/hu\/wp-json\/wp\/v2\/product_categories?post=949"}],"curies":[{"name":"wp","href":"https:\/\/api.w.org\/{rel}","templated":true}]}}

Slovaktual W 77HI alumínium ablak

<div class="wp-block-columns has-2-columns is-layout-flex wp-container-3">
<div class="wp-block-column is-layout-flow">
<figure class="wp-block-image"><img decoding="async" loading="lazy" width="689" height="1024" src="/m22_content/uploads/2019/05/W_77HI_cisla-689x1024.png" alt="" class="wp-image-458" srcset="https://oknarener.sk/m22_content/uploads/2019/05/W_77HI_cisla-689x1024.png 689w, https://oknarener.sk/m22_content/uploads/2019/05/W_77HI_cisla-202x300.png 202w, https://oknarener.sk/m22_content/uploads/2019/05/W_77HI_cisla-303x450.png 303w, https://oknarener.sk/m22_content/uploads/2019/05/W_77HI_cisla-370x550.png 370w, https://oknarener.sk/m22_content/uploads/2019/05/W_77HI_cisla-652x970.png 652w, https://oknarener.sk/m22_content/uploads/2019/05/W_77HI_cisla.png 700w" sizes="(max-width: 689px) 100vw, 689px" /></figure>



<p></p>
</div>



<div class="wp-block-column is-layout-flow">
<ol><li><strong>Stabil profilrendszer:</strong> A 3-kamrás alumínium profil a 77 mm beépítési mélységgel kimagaslik szilárdságával és stabilitásával. A speciális HWR bevonat jelentősen növeli a szín és a fény tartósságát. </li><li><strong>Szigetelő hármas üveg: </strong>a szigetelő üveg mélyebben van beágyazva a szárnyprofilba, amely kizárja a belső üveglap és a profil kondenzációját. A beépítési mélység lehetővé teszi a szárny 66 mm mélységig történő üvegezését. Az optimális szigetelőüveg kiválasztásánál így semmi sem korlátozza. </li><li><strong>Távolságtartó keret:</strong>  A Swisspasser U távolságtartók jelentősen csökkentik a termikus hidak létrejöttét és kizárja a párásodást. Emellett megakadályozzák a hőszigetelő gáz szivárgását az üvegek közötti részből, valamint a vízpára kialakulását.</li><li><strong>Hőszigetelő betét: </strong>az üveg alá helyezik, kizárja az átfújást és javítja az ablak hőszigetelő tulajdonságait.  </li><li><strong>Szigetelőkamrák 100%-os habosítása: </strong>A profilkamrák a keret egészében PUR habbal vannak feltöltve, ami növeli az ablak hőszigetelő tulajdonságait. A szigetelő habot freonok nélkül állítják elő és csak természetes anyagok kerülnek felhasználásra stabilizátorként.</li><li><strong>COEX központi tömítés: </strong>az innovációs központi tömítés és a szigetelő válaszfalak geometriája úgy van kialakítva, hogy nagyban hozzájáruljon a hőszigetelő tulajdonsághoz és a heves esőzéssel szembeni ellenálláshoz. </li></ol>



<p></p>
</div>
</div>

<p>Az építészet legnagyobb trendjei közé manapság az energiahatékony épületek, valamint a (szinte) nulla energiafogyasztású épületek tartoznak. A kifinomult fejlesztéseknek köszönhetően a Slovaktual W 77HI alumínium ablakok nagyszerű teljesítménnyel rendelkezik a hőszigetelés terén. Nemcsak a szigorú energetikai szabványoknak, de az ellenállóképesség, a tartósság és az időtlen külső elvárásainak is megfelelnek.</p>
