{"id":953,"date":"2019-05-07T11:34:04","date_gmt":"2019-05-07T11:34:04","guid":{"rendered":"http:\/\/oknarener.22media.sk\/produkty\/hlinikove-okno-slovaktual-w-72-a-w-72i\/"},"modified":"2019-05-31T09:30:04","modified_gmt":"2019-05-31T09:30:04","slug":"slovaktual-w-72-es-w-72i-aluminium-ablak","status":"publish","type":"product","link":"https:\/\/oknarener.sk\/hu\/produkty\/slovaktual-w-72-es-w-72i-aluminium-ablak\/","title":{"rendered":"Slovaktual W 72 \u00e9s W 72i alum\u00ednium ablak"},"content":{"rendered":"\n<div class=\"wp-block-columns has-2-columns is-layout-flex wp-container-3\">\n<div class=\"wp-block-column is-layout-flow\">\n<figure class=\"wp-block-image\"><img decoding=\"async\" loading=\"lazy\" width=\"500\" height=\"720\" src=\"\/m22_content\/uploads\/2019\/05\/W72_ocislovane.png\" alt=\"\" class=\"wp-image-474\" srcset=\"https:\/\/oknarener.sk\/m22_content\/uploads\/2019\/05\/W72_ocislovane.png 500w, https:\/\/oknarener.sk\/m22_content\/uploads\/2019\/05\/W72_ocislovane-208x300.png 208w, https:\/\/oknarener.sk\/m22_content\/uploads\/2019\/05\/W72_ocislovane-313x450.png 313w, https:\/\/oknarener.sk\/m22_content\/uploads\/2019\/05\/W72_ocislovane-382x550.png 382w\" sizes=\"(max-width: 500px) 100vw, 500px\" \/><\/figure>\n<\/div>\n\n\n\n<div class=\"wp-block-column is-layout-flow\">\n<ol><li><strong>Profilrendszer: <\/strong>a mind\u00f6ssze 72 mm-es be\u00e9p\u00edt\u00e9si m\u00e9lys\u00e9g\u0171 szigetel\u0151 v\u00e1laszfalak geometri\u00e1j\u00e1nak rendk\u00edv\u00fcl nagy jelent\u0151s\u00e9ge van a kiemelked\u0151 h\u0151szigetel\u00e9sben. Az \u00f6sszek\u00f6ttet\u00e9sek feszess\u00e9ge \u00e9s merevs\u00e9ge az injekci\u00f3s technol\u00f3gi\u00e1val ker\u00fclt tov\u00e1bbfejleszt\u00e9sre.<\/li><li><strong>Speci\u00e1lis HWR fel\u00fcletkezel\u00e9s: <\/strong>Magasabb ellen\u00e1ll\u00f3k\u00e9pess\u00e9g az id\u0151j\u00e1r\u00e1si viszontags\u00e1gokkal szemben, tart\u00f3sabb sz\u00edn \u00e9s f\u00e9ny. <\/li><li><strong>Szigetel\u0151 h\u00e1rmas \u00fcveg:<\/strong> A W 72-es ablak szigetel\u0151 \u00fcvege 64 mm vastags\u00e1gig v\u00e1laszthat\u00f3. A rejtett sz\u00e1rny\u00fa W 72i verzi\u00f3ban 48 mm vastags\u00e1gig v\u00e1laszthat\u00f3 az \u00fcveg. <\/li><li><strong>T\u00e1vols\u00e1gtart\u00f3 keret:<\/strong> A Swisspasser Ultimate t\u00e1vols\u00e1gtart\u00f3k megakad\u00e1lyozz\u00e1k a h\u0151szigetel\u0151 g\u00e1z sziv\u00e1rg\u00e1s\u00e1t az \u00fcvegek k\u00f6z\u00f6tti r\u00e9szb\u0151l, valamint a v\u00edzp\u00e1ra kialakul\u00e1s\u00e1t. Jelent\u0151sen cs\u00f6kkenti a termikus hidak l\u00e9trej\u00f6tt\u00e9t.<\/li><li><strong>Szigetel\u0151kamr\u00e1k 100%-os habos\u00edt\u00e1sa:<\/strong> A profilkamr\u00e1k a keret eg\u00e9sz\u00e9ben PUR habbal vannak felt\u00f6ltve, ami n\u00f6veli az ablak h\u0151szigetel\u0151 tulajdons\u00e1gait. A szigetel\u0151 habot freonok n\u00e9lk\u00fcl \u00e1ll\u00edtj\u00e1k el\u0151 \u00e9s csak term\u00e9szetes anyagok ker\u00fclnek felhaszn\u00e1l\u00e1sra stabiliz\u00e1tork\u00e9nt.<\/li><li><strong>K\u00f6zponti t\u00f6m\u00edt\u00e9s:<\/strong> A t\u00f6bbkamr\u00e1s k\u00f6zponti vulkaniz\u00e1lt t\u00f6m\u00edt\u00e9s nagym\u00e9rt\u00e9kben hozz\u00e1j\u00e1rul a magas h\u0151szigetel\u0151 tulajdons\u00e1ghoz. <\/li><\/ol>\n<\/div>\n<\/div>\n","protected":false},"excerpt":{"rendered":"<p>W 72-es modern ablakrendszer megfelel az energiahat\u00e9kony \u00e9p\u00fcletekkel szemben \u00e1ll\u00edtott magas k\u00f6vetelm\u00e9nyeknek. Megalkot\u00e1s\u00e1n\u00e1l az els\u0151 oszt\u00e1ly\u00fa anyagok haszn\u00e1lat\u00e1t \u00e9s a termikus hidak l\u00e9trej\u00f6tt\u00e9nek megakad\u00e1lyoz\u00e1s\u00e1t t\u0171zt\u00e9k ki c\u00e9lul. A rejtett sz\u00e1rny\u00fa W72 \u00e9s W72i t\u00edpus\u00fa alum\u00ednium ablakok lehet\u0151v\u00e9 teszik a modern \u00e9p\u00edt\u00e9szetben val\u00f3 v\u00e1ltozatos felhaszn\u00e1l\u00e1sukat.<\/p>\n","protected":false},"featured_media":473,"template":"","product_categories":[24],"acf":[],"_links":{"self":[{"href":"https:\/\/oknarener.sk\/hu\/wp-json\/wp\/v2\/product\/953"}],"collection":[{"href":"https:\/\/oknarener.sk\/hu\/wp-json\/wp\/v2\/product"}],"about":[{"href":"https:\/\/oknarener.sk\/hu\/wp-json\/wp\/v2\/types\/product"}],"version-history":[{"count":0,"href":"https:\/\/oknarener.sk\/hu\/wp-json\/wp\/v2\/product\/953\/revisions"}],"wp:featuredmedia":[{"embeddable":true,"href":"https:\/\/oknarener.sk\/hu\/wp-json\/wp\/v2\/media\/473"}],"wp:attachment":[{"href":"https:\/\/oknarener.sk\/hu\/wp-json\/wp\/v2\/media?parent=953"}],"wp:term":[{"taxonomy":"product_categories","embeddable":true,"href":"https:\/\/oknarener.sk\/hu\/wp-json\/wp\/v2\/product_categories?post=953"}],"curies":[{"name":"wp","href":"https:\/\/api.w.org\/{rel}","templated":true}]}}

Slovaktual W 72 és W 72i alumínium ablak

<div class="wp-block-columns has-2-columns is-layout-flex wp-container-3">
<div class="wp-block-column is-layout-flow">
<figure class="wp-block-image"><img decoding="async" loading="lazy" width="500" height="720" src="/m22_content/uploads/2019/05/W72_ocislovane.png" alt="" class="wp-image-474" srcset="https://oknarener.sk/m22_content/uploads/2019/05/W72_ocislovane.png 500w, https://oknarener.sk/m22_content/uploads/2019/05/W72_ocislovane-208x300.png 208w, https://oknarener.sk/m22_content/uploads/2019/05/W72_ocislovane-313x450.png 313w, https://oknarener.sk/m22_content/uploads/2019/05/W72_ocislovane-382x550.png 382w" sizes="(max-width: 500px) 100vw, 500px" /></figure>
</div>



<div class="wp-block-column is-layout-flow">
<ol><li><strong>Profilrendszer: </strong>a mindössze 72 mm-es beépítési mélységű szigetelő válaszfalak geometriájának rendkívül nagy jelentősége van a kiemelkedő hőszigetelésben. Az összeköttetések feszessége és merevsége az injekciós technológiával került továbbfejlesztésre.</li><li><strong>Speciális HWR felületkezelés: </strong>Magasabb ellenállóképesség az időjárási viszontagságokkal szemben, tartósabb szín és fény. </li><li><strong>Szigetelő hármas üveg:</strong> A W 72-es ablak szigetelő üvege 64 mm vastagságig választható. A rejtett szárnyú W 72i verzióban 48 mm vastagságig választható az üveg. </li><li><strong>Távolságtartó keret:</strong> A Swisspasser Ultimate távolságtartók megakadályozzák a hőszigetelő gáz szivárgását az üvegek közötti részből, valamint a vízpára kialakulását. Jelentősen csökkenti a termikus hidak létrejöttét.</li><li><strong>Szigetelőkamrák 100%-os habosítása:</strong> A profilkamrák a keret egészében PUR habbal vannak feltöltve, ami növeli az ablak hőszigetelő tulajdonságait. A szigetelő habot freonok nélkül állítják elő és csak természetes anyagok kerülnek felhasználásra stabilizátorként.</li><li><strong>Központi tömítés:</strong> A többkamrás központi vulkanizált tömítés nagymértékben hozzájárul a magas hőszigetelő tulajdonsághoz. </li></ol>
</div>
</div>

<p>W 72-es modern ablakrendszer megfelel az energiahatékony épületekkel szemben állított magas követelményeknek. Megalkotásánál az első osztályú anyagok használatát és a termikus hidak létrejöttének megakadályozását tűzték ki célul. A rejtett szárnyú W72 és W72i típusú alumínium ablakok lehetővé teszik a modern építészetben való változatos felhasználásukat.</p>
