{"id":970,"date":"2019-05-07T12:39:29","date_gmt":"2019-05-07T12:39:29","guid":{"rendered":"http:\/\/oknarener.22media.sk\/produkty\/plastove-zdvizno-posuvne-dvere-slovaktual-hst\/"},"modified":"2019-05-31T12:00:36","modified_gmt":"2019-05-31T12:00:36","slug":"slovaktual-hst-muanyag-emelo-tolo-ajto","status":"publish","type":"product","link":"https:\/\/oknarener.sk\/hu\/produkty\/slovaktual-hst-muanyag-emelo-tolo-ajto\/","title":{"rendered":"Slovaktual HST m\u0171anyag emel\u0151-tol\u00f3 ajt\u00f3"},"content":{"rendered":"\n<div class=\"wp-block-image\"><figure class=\"aligncenter\"><img decoding=\"async\" loading=\"lazy\" width=\"746\" height=\"390\" src=\"\/m22_content\/uploads\/2019\/05\/01-1.jpg\" alt=\"\" class=\"wp-image-524\" srcset=\"https:\/\/oknarener.sk\/m22_content\/uploads\/2019\/05\/01-1.jpg 746w, https:\/\/oknarener.sk\/m22_content\/uploads\/2019\/05\/01-1-300x157.jpg 300w\" sizes=\"(max-width: 746px) 100vw, 746px\" \/><\/figure><\/div>\n\n\n\n<h3 class=\"wp-block-heading\" style=\"text-align:center\">Mag\u00e1val ragad\u00f3 el\u0151ny\u00f6k<\/h3>\n\n\n\n<div class=\"wp-block-columns has-2-columns is-layout-flex wp-container-3\">\n<div class=\"wp-block-column is-layout-flow\">\n<p><strong>Forma \u00e9s funkci\u00f3:<\/strong> A nagyon keskeny keretnek k\u00f6sz\u00f6nhet\u0151en m\u00e9g t\u00f6bb napf\u00e9ny \u00e9s napenergia-nyeres\u00e9g.<\/p>\n\n\n\n<p><strong>K\u00f6nny\u0171 nyit\u00e1s:<\/strong> A min\u0151s\u00e9gi kov\u00e1csol\u00e1s garant\u00e1lja a nagy er\u0151fesz\u00edt\u00e9s n\u00e9lk\u00fcli k\u00e9nyelmes vez\u00e9rl\u00e9s.<\/p>\n\n\n\n<p><strong>Akad\u00e1lyok n\u00e9lk\u00fcl: <\/strong>A kiv\u00e9telesen alacsony k\u00fcsz\u00f6b m\u00e1r a standard v\u00e1ltozatban.<\/p>\n<\/div>\n\n\n\n<div class=\"wp-block-column is-layout-flow\">\n<p><strong>J\u00f3 \u00e9rz\u00e9s:<\/strong> A speci\u00e1lis biztons\u00e1gi \u00fcveg \u00e9s biztons\u00e1gi kov\u00e1csol\u00e1s eg\u00e9szen az RC 2-es oszt\u00e1lyig k\u00fcl\u00f6n\u00f6sen hat\u00e9konyan meg\u00f3vj\u00e1k otthon\u00e1t.<\/p>\n\n\n\n<p><strong>Egy\u00e9ni diz\u00e1jn:<\/strong> Tervezze meg emel\u0151-tol\u00f3 ajt\u00f3j\u00e1t a saj\u00e1t elk\u00e9pzel\u00e9sei szerint.<\/p>\n<\/div>\n<\/div>\n\n\n\n<p> <\/p>\n\n\n\n<h3 class=\"wp-block-heading\" style=\"text-align:center\">Slovaktual HST 76 \u00e9s HST 88 emel\u0151-tol\u00f3 ajt\u00f3k<\/h3>\n\n\n\n<p>Nagy \u00fcvegez\u00e9st \u00e9s k\u00e9nyelmes kezel\u00e9st tesznek lehet\u0151v\u00e9. A kis be\u00e9p\u00edt\u00e9si m\u00e9lys\u00e9gnek k\u00f6sz\u00f6nhet\u0151en a tol\u00f3ajt\u00f3k fel\u00faj\u00edt\u00e1shoz is alkalmasak.<\/p>\n\n\n\n<div class=\"wp-block-image\"><figure class=\"aligncenter\"><img decoding=\"async\" loading=\"lazy\" width=\"746\" height=\"306\" src=\"\/m22_content\/uploads\/2019\/05\/popis.jpg\" alt=\"\" class=\"wp-image-526\" srcset=\"https:\/\/oknarener.sk\/m22_content\/uploads\/2019\/05\/popis.jpg 746w, https:\/\/oknarener.sk\/m22_content\/uploads\/2019\/05\/popis-300x123.jpg 300w\" sizes=\"(max-width: 746px) 100vw, 746px\" \/><\/figure><\/div>\n\n\n\n<ol><li><strong>Modern diz\u00e1jn<\/strong> Innovat\u00edv emel\u0151-tol\u00f3 ajt\u00f3 alacsony l\u00e1that\u00f3 sz\u00e9less\u00e9ggel. Lamin\u00e1lhat\u00f3 vagy alum\u00ednium csipesszel kieg\u00e9sz\u00edthet\u0151.<\/li><li><strong>Kiv\u00e1l\u00f3 h\u0151szigetel\u00e9s<\/strong> Az 5-kamr\u00e1s m\u0171anyag profillal \u00e9s a h\u0151szigetel\u0151 h\u00e1rmas \u00fcvegez\u00e9ssel \u00f6tv\u00f6zve kiv\u00e9teles h\u0151szigetel\u00e9si \u00e9rt\u00e9keket \u00e9r\u00fcnk el.<\/li><li><strong>Akad\u00e1lyok n\u00e9lk\u00fcl<\/strong> Akad\u00e1lymentes k\u00fcsz\u00f6b magas fok\u00fa szigetel\u00e9ssel \u00e9s t\u00f6m\u00edtetts\u00e9ggel.<\/li><li><strong>Multifunkci\u00f3s \u00fcvegek<\/strong> A biztons\u00e1gi h\u0151szigetel\u0151 \u00fcveg a h\u0151szigetel\u00e9sen k\u00edv\u00fcl a zaj ellen is v\u00e9delmet ny\u00fajtanak. Az optim\u00e1lis szol\u00e1ris t\u00e9nyez\u0151vel rendelkez\u0151 \u00fcvegek hozz\u00e1j\u00e1rulnak az energiahat\u00e9kony lak\u00e1shoz.<\/li><li><strong>Stabilit\u00e1s \u00e9s megb\u00edzhat\u00f3s\u00e1g<\/strong> A nagym\u00e9ret\u0171 ac\u00e9l merev\u00edt\u00e9sek garant\u00e1lj\u00e1k a magas szil\u00e1rds\u00e1got \u00e9s a hossz\u00fa t\u00e1v\u00fa funkcionalit\u00e1st.<\/li><li><strong>Optim\u00e1lis z\u00e1r\u00e1s<\/strong> A min\u0151s\u00e9gi ker\u00fcleti t\u00f6m\u00edt\u00e9s \u00e9s a tov\u00e1bbi t\u00f6m\u00edt\u0151 elemek magas v\u00edz\u00e1ll\u00f3s\u00e1got biztos\u00edtanak, tov\u00e1bb\u00e1 a hideg leveg\u0151 elleni h\u0151szigetel\u00e9st, valamint sok \u00e9v ut\u00e1n is megakad\u00e1lyozza az \u00e1tf\u00fav\u00e1st.<\/li><\/ol>\n\n\n\n<h3 class=\"wp-block-heading\" style=\"text-align:center\"> Slovaktual HST 76 XL-optic \u00e9s HST 88 XL-optic emel\u0151-tol\u00f3 ajt\u00f3k<\/h3>\n\n\n\n<p>A nagyon keskeny profilrendszernek k\u00f6sz\u00f6nhet\u0151en a belt\u00e9rbe maxim\u00e1lis f\u00e9ny jut. Az eszt\u00e9tikailag tiszta \u00e9s egyszer\u0171 megold\u00e1s t\u00f6k\u00e9letesen illeszkedik a modern \u00e9p\u00edt\u00e9szethez.<\/p>\n\n\n\n<div class=\"wp-block-image\"><figure class=\"aligncenter\"><img decoding=\"async\" loading=\"lazy\" width=\"746\" height=\"292\" src=\"\/m22_content\/uploads\/2019\/05\/popis-optic.jpg\" alt=\"\" class=\"wp-image-528\" srcset=\"https:\/\/oknarener.sk\/m22_content\/uploads\/2019\/05\/popis-optic.jpg 746w, https:\/\/oknarener.sk\/m22_content\/uploads\/2019\/05\/popis-optic-300x117.jpg 300w\" sizes=\"(max-width: 746px) 100vw, 746px\" \/><\/figure><\/div>\n\n\n\n<ol><li><strong>XL-optic<\/strong> Nagyon keskeny profil \u00e9s a r\u00f6gz\u00edtett r\u00e9sz integr\u00e1lt \u00fcvegez\u00e9se lehet\u0151v\u00e9 teszi a maxim\u00e1lis f\u00e9ny el\u00e9r\u00e9s\u00e9t.<\/li><\/ol>\n","protected":false},"excerpt":{"rendered":"<p>Maxim\u00e1lis nappali f\u00e9ny \u00e9s l\u00e9giess\u00e9g a belt\u00e9rben. Az innovat\u00edv emel\u0151-tol\u00f3 ajt\u00f3k kiterjeszti \u00e9s megn\u00f6veli az \u00e9letter\u00e9t. A nagy \u00fcvegezett fel\u00fcletek t\u00f6k\u00e9letesen \u00f6sszek\u00f6ti a belteret a k\u00fclt\u00e9rrel \u2013 tal\u00e1n a kert buja n\u00f6v\u00e9nyzet\u00e9vel, tal\u00e1n az \u00e9l\u00e9nk v\u00e1rosk\u00e9ppel. Mindig a modern \u00e9p\u00edt\u00e9szet trendjeivel \u00f6sszhangban.<\/p>\n","protected":false},"featured_media":531,"template":"","product_categories":[25],"acf":[],"_links":{"self":[{"href":"https:\/\/oknarener.sk\/hu\/wp-json\/wp\/v2\/product\/970"}],"collection":[{"href":"https:\/\/oknarener.sk\/hu\/wp-json\/wp\/v2\/product"}],"about":[{"href":"https:\/\/oknarener.sk\/hu\/wp-json\/wp\/v2\/types\/product"}],"version-history":[{"count":0,"href":"https:\/\/oknarener.sk\/hu\/wp-json\/wp\/v2\/product\/970\/revisions"}],"wp:featuredmedia":[{"embeddable":true,"href":"https:\/\/oknarener.sk\/hu\/wp-json\/wp\/v2\/media\/531"}],"wp:attachment":[{"href":"https:\/\/oknarener.sk\/hu\/wp-json\/wp\/v2\/media?parent=970"}],"wp:term":[{"taxonomy":"product_categories","embeddable":true,"href":"https:\/\/oknarener.sk\/hu\/wp-json\/wp\/v2\/product_categories?post=970"}],"curies":[{"name":"wp","href":"https:\/\/api.w.org\/{rel}","templated":true}]}}

Slovaktual HST műanyag emelő-toló ajtó

<div class="wp-block-image"><figure class="aligncenter"><img decoding="async" loading="lazy" width="746" height="390" src="/m22_content/uploads/2019/05/01-1.jpg" alt="" class="wp-image-524" srcset="https://oknarener.sk/m22_content/uploads/2019/05/01-1.jpg 746w, https://oknarener.sk/m22_content/uploads/2019/05/01-1-300x157.jpg 300w" sizes="(max-width: 746px) 100vw, 746px" /></figure></div>



<h3 class="wp-block-heading" style="text-align:center">Magával ragadó előnyök</h3>



<div class="wp-block-columns has-2-columns is-layout-flex wp-container-3">
<div class="wp-block-column is-layout-flow">
<p><strong>Forma és funkció:</strong> A nagyon keskeny keretnek köszönhetően még több napfény és napenergia-nyereség.</p>



<p><strong>Könnyű nyitás:</strong> A minőségi kovácsolás garantálja a nagy erőfeszítés nélküli kényelmes vezérlés.</p>



<p><strong>Akadályok nélkül: </strong>A kivételesen alacsony küszöb már a standard változatban.</p>
</div>



<div class="wp-block-column is-layout-flow">
<p><strong>Jó érzés:</strong> A speciális biztonsági üveg és biztonsági kovácsolás egészen az RC 2-es osztályig különösen hatékonyan megóvják otthonát.</p>



<p><strong>Egyéni dizájn:</strong> Tervezze meg emelő-toló ajtóját a saját elképzelései szerint.</p>
</div>
</div>



<p> </p>



<h3 class="wp-block-heading" style="text-align:center">Slovaktual HST 76 és HST 88 emelő-toló ajtók</h3>



<p>Nagy üvegezést és kényelmes kezelést tesznek lehetővé. A kis beépítési mélységnek köszönhetően a tolóajtók felújításhoz is alkalmasak.</p>



<div class="wp-block-image"><figure class="aligncenter"><img decoding="async" loading="lazy" width="746" height="306" src="/m22_content/uploads/2019/05/popis.jpg" alt="" class="wp-image-526" srcset="https://oknarener.sk/m22_content/uploads/2019/05/popis.jpg 746w, https://oknarener.sk/m22_content/uploads/2019/05/popis-300x123.jpg 300w" sizes="(max-width: 746px) 100vw, 746px" /></figure></div>



<ol><li><strong>Modern dizájn</strong> Innovatív emelő-toló ajtó alacsony látható szélességgel. Laminálható vagy alumínium csipesszel kiegészíthető.</li><li><strong>Kiváló hőszigetelés</strong> Az 5-kamrás műanyag profillal és a hőszigetelő hármas üvegezéssel ötvözve kivételes hőszigetelési értékeket érünk el.</li><li><strong>Akadályok nélkül</strong> Akadálymentes küszöb magas fokú szigeteléssel és tömítettséggel.</li><li><strong>Multifunkciós üvegek</strong> A biztonsági hőszigetelő üveg a hőszigetelésen kívül a zaj ellen is védelmet nyújtanak. Az optimális szoláris tényezővel rendelkező üvegek hozzájárulnak az energiahatékony lakáshoz.</li><li><strong>Stabilitás és megbízhatóság</strong> A nagyméretű acél merevítések garantálják a magas szilárdságot és a hosszú távú funkcionalitást.</li><li><strong>Optimális zárás</strong> A minőségi kerületi tömítés és a további tömítő elemek magas vízállóságot biztosítanak, továbbá a hideg levegő elleni hőszigetelést, valamint sok év után is megakadályozza az átfúvást.</li></ol>



<h3 class="wp-block-heading" style="text-align:center"> Slovaktual HST 76 XL-optic és HST 88 XL-optic emelő-toló ajtók</h3>



<p>A nagyon keskeny profilrendszernek köszönhetően a beltérbe maximális fény jut. Az esztétikailag tiszta és egyszerű megoldás tökéletesen illeszkedik a modern építészethez.</p>



<div class="wp-block-image"><figure class="aligncenter"><img decoding="async" loading="lazy" width="746" height="292" src="/m22_content/uploads/2019/05/popis-optic.jpg" alt="" class="wp-image-528" srcset="https://oknarener.sk/m22_content/uploads/2019/05/popis-optic.jpg 746w, https://oknarener.sk/m22_content/uploads/2019/05/popis-optic-300x117.jpg 300w" sizes="(max-width: 746px) 100vw, 746px" /></figure></div>



<ol><li><strong>XL-optic</strong> Nagyon keskeny profil és a rögzített rész integrált üvegezése lehetővé teszi a maximális fény elérését.</li></ol>

<p>Maximális nappali fény és légiesség a beltérben. Az innovatív emelő-toló ajtók kiterjeszti és megnöveli az életterét. A nagy üvegezett felületek tökéletesen összeköti a belteret a kültérrel – talán a kert buja növényzetével, talán az élénk városképpel. Mindig a modern építészet trendjeivel összhangban.</p>
