{"id":987,"date":"2019-05-07T13:07:25","date_gmt":"2019-05-07T13:07:25","guid":{"rendered":"http:\/\/oknarener.22media.sk\/produkty\/vchodove-hlinikove-dvere-d92\/"},"modified":"2019-05-31T12:33:03","modified_gmt":"2019-05-31T12:33:03","slug":"d92-es-aluminium-bejarati-ajto","status":"publish","type":"product","link":"https:\/\/oknarener.sk\/hu\/produkty\/d92-es-aluminium-bejarati-ajto\/","title":{"rendered":"D92-es alum\u00ednium bej\u00e1rati ajt\u00f3"},"content":{"rendered":"\n<div class=\"wp-block-columns has-2-columns is-layout-flex wp-container-3\">\n<div class=\"wp-block-column is-layout-flow\">\n<div class=\"wp-block-image\"><figure class=\"aligncenter\"><img decoding=\"async\" loading=\"lazy\" width=\"260\" height=\"275\" src=\"\/m22_content\/uploads\/2019\/05\/heroal_d92.jpg\" alt=\"\" class=\"wp-image-553\"\/><\/figure><\/div>\n<\/div>\n\n\n\n<div class=\"wp-block-column is-layout-flow\">\n<ul><li>92 mm-es be\u00e9p\u00edt\u00e9si m\u00e9lys\u00e9g<\/li><li>Magas stabilit\u00e1s \u00e9s magas fok\u00fa h\u0151szigetel\u00e9s<\/li><li>Akad\u00e1lymentes k\u00fcsz\u00f6b<\/li><li>T\u00f6bbpontos z\u00e1rrendszer<\/li><li>H\u0151szigetel\u0151 h\u00e1rmas \u00fcvegez\u00e9s, k\u00fcl\u00f6nb\u00f6z\u0151 m\u00e1s t\u00edpus\u00fa kit\u00f6lt\u00e9s is haszn\u00e1lhat\u00f3<\/li><li>HWR fel\u00fcleti kezel\u00e9s az id\u0151j\u00e1r\u00e1ssal szembeni ellen\u00e1ll\u00f3s\u00e1g \u00e9rdek\u00e9ben<\/li><li>A profilok 100%-os kit\u00f6lt\u00e9se purhabbal<\/li><li>Lamin\u00e1lt vagy RAL sz\u00ednsk\u00e1la kivitelez\u00e9<\/li><li>H\u0151\u00e1tviteli egy\u00fctthat\u00f3 a haszn\u00e1lt kit\u00f6lt\u00e9sn\u00e9l Ud \u2265 0,90 W\/(m<sup>2<\/sup>K)<\/li><li>H\u0151\u00e1tviteli egy\u00fctthat\u00f3 a k\u00e9toldali \u00e1tfed\u0151 kit\u00f6lt\u00e9sn\u00e9l Ud \u2265 0,60 W\/(m<sup>2<\/sup>K)<\/li><\/ul>\n<\/div>\n<\/div>\n","protected":false},"excerpt":{"rendered":"<p>92 mm-es be\u00e9p\u00edt\u00e9si m\u00e9lys\u00e9g Magas stabilit\u00e1s \u00e9s magas fok\u00fa h\u0151szigetel\u00e9s Akad\u00e1lymentes k\u00fcsz\u00f6b T\u00f6bbpontos z\u00e1rrendszer H\u0151szigetel\u0151 h\u00e1rmas \u00fcvegez\u00e9s, k\u00fcl\u00f6nb\u00f6z\u0151 m\u00e1s t\u00edpus\u00fa kit\u00f6lt\u00e9s is haszn\u00e1lhat\u00f3 HWR fel\u00fcleti kezel\u00e9s az id\u0151j\u00e1r\u00e1ssal szembeni ellen\u00e1ll\u00f3s\u00e1g &#8230;<\/p>\n","protected":false},"featured_media":554,"template":"","product_categories":[26],"acf":[],"_links":{"self":[{"href":"https:\/\/oknarener.sk\/hu\/wp-json\/wp\/v2\/product\/987"}],"collection":[{"href":"https:\/\/oknarener.sk\/hu\/wp-json\/wp\/v2\/product"}],"about":[{"href":"https:\/\/oknarener.sk\/hu\/wp-json\/wp\/v2\/types\/product"}],"version-history":[{"count":0,"href":"https:\/\/oknarener.sk\/hu\/wp-json\/wp\/v2\/product\/987\/revisions"}],"wp:featuredmedia":[{"embeddable":true,"href":"https:\/\/oknarener.sk\/hu\/wp-json\/wp\/v2\/media\/554"}],"wp:attachment":[{"href":"https:\/\/oknarener.sk\/hu\/wp-json\/wp\/v2\/media?parent=987"}],"wp:term":[{"taxonomy":"product_categories","embeddable":true,"href":"https:\/\/oknarener.sk\/hu\/wp-json\/wp\/v2\/product_categories?post=987"}],"curies":[{"name":"wp","href":"https:\/\/api.w.org\/{rel}","templated":true}]}}

D92-es alumínium bejárati ajtó

<div class="wp-block-columns has-2-columns is-layout-flex wp-container-3">
<div class="wp-block-column is-layout-flow">
<div class="wp-block-image"><figure class="aligncenter"><img decoding="async" loading="lazy" width="260" height="275" src="/m22_content/uploads/2019/05/heroal_d92.jpg" alt="" class="wp-image-553"/></figure></div>
</div>



<div class="wp-block-column is-layout-flow">
<ul><li>92 mm-es beépítési mélység</li><li>Magas stabilitás és magas fokú hőszigetelés</li><li>Akadálymentes küszöb</li><li>Többpontos zárrendszer</li><li>Hőszigetelő hármas üvegezés, különböző más típusú kitöltés is használható</li><li>HWR felületi kezelés az időjárással szembeni ellenállóság érdekében</li><li>A profilok 100%-os kitöltése purhabbal</li><li>Laminált vagy RAL színskála kivitelezé</li><li>Hőátviteli együttható a használt kitöltésnél Ud ≥ 0,90 W/(m<sup>2</sup>K)</li><li>Hőátviteli együttható a kétoldali átfedő kitöltésnél Ud ≥ 0,60 W/(m<sup>2</sup>K)</li></ul>
</div>
</div>

<p>92 mm-es beépítési mélység Magas stabilitás és magas fokú hőszigetelés Akadálymentes küszöb Többpontos zárrendszer Hőszigetelő hármas üvegezés, különböző más típusú kitöltés is használható HWR felületi kezelés az időjárással szembeni ellenállóság &#8230;</p>
